{"id":1583,"date":"2015-01-07T17:53:10","date_gmt":"2015-01-07T15:53:10","guid":{"rendered":"http:\/\/www.martin-pyco-rausch-fans.sk\/?page_id=1583"},"modified":"2016-10-29T23:29:37","modified_gmt":"2016-10-29T22:29:37","slug":"uz-nesnivam-radsej-zijem","status":"publish","type":"page","link":"http:\/\/martin-pyco-rausch-fans.sk\/?page_id=1583","title":{"rendered":"U\u017e nesn\u00edvam, rad\u0161ej \u017eijem!"},"content":{"rendered":"<p><div class = \"alert alert-info \">Zdroj: realitybook.sk<br \/>\nD\u00e1tum: 2013<time class=\"entry-date published\" datetime=\"2014-11-04T22:46:58+00:00\"><\/div><\/time><\/p>\n<p>Dnes u\u017e nikomu netreba predstavova\u0165 jedn\u00e9ho z najlep\u0161\u00edch Slovensko &#8211; \u010cesk\u00fdch moder\u00e1torov. Mnoh\u00ed ste mo\u017eno nevedeli, \u017ee sa stal taktie\u017e vyslancom dobrej v\u00f4le Unicef na Slovensku a z\u00fa\u010dastnil sa v\u00fdpravy do najchudobnej\u0161\u00edch \u010dast\u00ed v Ugande. Pri tejto pr\u00edle\u017eitosti nakr\u00fatili kr\u00e1tky dokument, ktor\u00fd \u010doskoro odvysiela telev\u00edzia JOJ. \u201eMoment\u00e1lne ma okrem moderovania talentovej s\u00fa\u0165a\u017ee (\u010cesko-Slovensko m\u00e1 talent, pozn. red.) najviac zamestn\u00e1va pr\u00edprava mojej druhej kuch\u00e1rskej knihy Moje Jedlo 2. Vyjde na jese\u0148 bud\u00faceho roku. Teraz var\u00edm, fot\u00edm, zbieram materi\u00e1l, tvor\u00edm cel\u00fd koncept knihy a popritom h\u013ead\u00e1m sponzorov. Na celkov\u00fa pr\u00edpravu knihy m\u00e1m vyhraden\u00fa cel\u00fa bud\u00facoro\u010dn\u00fa jar. Aj tentoraz to bude jednoduch\u00e9, \u013eahk\u00e9 varenie silno ovplyvnen\u00e9 stredomorsk\u00fdmi postupmi, av\u0161ak takmer v\u0161etky recepty by mali by\u0165 \u010disto autorsk\u00e9. Dr\u017ete mi preto palce.\u201c Takto vid\u00ed Martin svoje najbli\u017e\u0161ie pracovn\u00e9 pl\u00e1ny. Okrem in\u00e9ho n\u00e1m Martin \u201ePYCO\u201c Rausch v nasleduj\u00facom rozhovore prezradil aj to pre\u010do u\u017e nesn\u00edva ale rad\u0161ej \u017eije.<\/p>\n<p><b>Od fachu: \u010co \u0165a e\u0161te st\u00e1le pri\u0165ahuje na moderovan\u00ed?<\/b><br \/>\nNem\u00f4\u017eem priamo poveda\u0165, \u017ee ma na moderovan\u00ed nie\u010do pri\u0165ahovalo, sn\u00edval som len o redaktorskej pr\u00e1ci v r\u00e1diu kv\u00f4li pr\u00edstupu k novej hudbe, ktor\u00fa som chcel pos\u00fava\u0165 posluch\u00e1\u010dovi, to bolo ale za \u010dias, ke\u010f sa internet len rozbiehal. Dnes ma moderovanie u\u010d\u00ed sk\u00f4r kr\u00e1\u010da\u0165 s dobou, stabilne si budova\u0165 \u010do naj\u0161ir\u0161\u00ed preh\u013ead a pracova\u0165 s \u013eu\u010fmi. A ke\u010f\u017ee nem\u00e1m r\u00e1d stereotyp, sna\u017e\u00edm sa to robi\u0165 v\u017edy inak, \u010di u\u017e s men\u0161\u00edm alebo v\u00e4\u010d\u0161\u00edm \u00faspechom.<\/p>\n<p><b>Od srdca: Po \u010dom Martin t\u00fa\u017ei\u0161 pr\u00e1ve teraz? <\/b><br \/>\nVyr\u00e1stol som s pocitom, \u017ee sny a ciele by sa mali kdesi stretn\u00fa\u0165 v realistick\u00fdch okolnostiach, tak\u017ee vlastne u\u017e ve\u013emi ani nesn\u00edvam ale \u017eijem. Budujem si schopnos\u0165 by\u0165 v pohode, u\u017e\u00edva\u0165 si to, \u010do mi \u017eivot a okolnosti poskytuj\u00fa. Zdravie aj \u0161\u0165astie s\u00fa vz\u00e1cne veli\u010diny a \u010dasto si uvedomujem ko\u013eko mi ich \u017eivot doprial.<\/p>\n<p><b>Od \u017eivota: M\u00e1\u0161, \u010do si chcel? \u010co to je? <\/b><br \/>\nM\u00e1m svoje zvyky, ritu\u00e1ly, chu\u0165 u\u010di\u0165 sa nov\u00e9 veci, rodinu, priate\u013eov, ist\u00fa formu nez\u00e1vislosti a samostatnosti alebo si to aspo\u0148 tak mysl\u00edm. Sloboda cestovania, vzdel\u00e1vania a myslenia pre m\u0148a znamen\u00e1 ve\u013emi ve\u013ea. Aj ke\u010f som bol pri prevrate e\u0161te v puberte, ve\u013emi dobre si pam\u00e4t\u00e1m tie \u010dasy minul\u00e9.<\/p>\n<p><b>Od hudby: Kto ti rob\u00ed aktu\u00e1lne rados\u0165 zo slovenskej ale aj svetovej hudobnej sc\u00e9ny?<\/b><br \/>\nTo je v\u017edy ve\u013emi chv\u00ed\u013ekov\u00e9 a nest\u00e1le. Zo slovenskej hudby som si s rados\u0165ou pred p\u00e1r d\u0148ami k\u00fapil album od novej skupiny Walter Schnitzelsson a bol som milo prekvapen\u00fd. P\u00e1\u010di sa mi aj cesta, ktorou sa vybrala Jana Kirschner. Zo zahrani\u010dnej hudby som si minul\u00fd t\u00fd\u017ede\u0148 k\u00fapil \u201eMatangi\u201c od M.I.A. a v priebehu roka ma toho zaujalo e\u0161te ve\u013ea, zatia\u013e najkvalitnej\u0161ie vyprodukovan\u00fd z celkov\u00e9ho poh\u013eadu mi pripad\u00e1 album \u201eThe electric lady\u201c od spev\u00e1\u010dky Janelle Mona\u00e9. Z nov\u00e1\u010dikov sledujem Lorde z Nov\u00e9ho Z\u00e9landu, d\u00fafam \u017ee tejto t\u00edned\u017eerke debutantsk\u00fd a po\u010dute\u013ene osvie\u017euj\u00faci prejav vydr\u017e\u00ed \u010do najdlh\u0161ie.<\/p>\n<p><b>Od veci: M\u00e1lokto vie, \u017ee si e\u0161te nikdy nemoderoval Oscary? M\u0148a v\u0161ak zauj\u00edma ak\u00fa celosvetovo zn\u00e1mu show by si chcel moderova\u0165?<\/b><br \/>\nNaozaj nem\u00e1m moder\u00e1torsk\u00e9 sny. Moderovanie Talentu ma bav\u00ed najm\u00e4 preto, \u017ee aj moder\u00e1tori s\u00fa v\u00e4\u010d\u0161inu \u010dasu div\u00e1kmi a je to bezprostredn\u00e1 improviz\u00e1cia. Ak by vznikla \u0161ou na sp\u00f4sob pevnosti Boyard, teda nie\u010do dobrodru\u017en\u00e9, ur\u010dite by som sa nad pr\u00edpadnou ponukou zamyslel. Pr\u00edpadne nie\u010do spojen\u00e9 s cestovan\u00edm, spozn\u00e1van\u00edm a gastron\u00f3miou. K tomu inklinujem cel\u00fd \u017eivot.<\/p>\n<p><b>Od razu: Byt \u010di dom? Pre\u010do? <\/b><br \/>\nByt, lebo mesto. Dom, lebo pr\u00edroda. Moment\u00e1lne som v bode A. Pre\u010do? Lebo pr\u00e1ca, \u010das, rodina a narodil som sa v Bratislave, tak\u017ee na dedinu ma to zatia\u013e na trvalo ne\u0165ah\u00e1.<\/p>\n<p><b>Od borne: Vyu\u017eil si niekedy slu\u017eby realitnej kancel\u00e1rie? Nako\u013eko si bol s jej slu\u017ebami spokojn\u00fd? Ak\u00e1 realitn\u00e1 kancel\u00e1ria to bola?<\/b><br \/>\nRealitku som vyu\u017eil len v \u010dasoch, ke\u010f som prech\u00e1dzal z jedn\u00e9ho pren\u00e1jmu do druh\u00e9ho. Vlastn\u00e9 b\u00fdvanie som rie\u0161il s\u00e1m.<\/p>\n<p><b>Od \u017eia\u013eu: Ak nastane chv\u00ed\u013ea, kedy si smutn\u00fd, \u010do ti prvopl\u00e1novo vy\u010dar\u00ed \u00fasmev na tv\u00e1ri? <\/b><br \/>\nTo je asi tak individu\u00e1lne ako sm\u00fatok s\u00e1m. Ak som unaven\u00fd a z toho smutn\u00fd, mysl\u00edm na poste\u013e a de\u0148, ktor\u00fd si urob\u00edm s\u00e1m pre seba. Ak ma nie\u010do dlhodobo tr\u00e1pi, tak rie\u0161im sk\u00f4r p\u00f4vod tak\u00fdch my\u0161lienok a na to predsa neexistuje univerz\u00e1lny recept.<\/p>\n<p><b>Od \u0161\u0165astia: Ke\u010f si \u0161\u0165astn\u00fd, \u010do ti vie prvopl\u00e1novo \u00fasmev pokazi\u0165?<\/b><br \/>\nTak\u00ed t\u00ed negat\u00edvni jednotlivci, \u010do e\u0161te aj v tvojej dobrej n\u00e1lade vidia nie\u010do zl\u00e9. Preto je nesmierne d\u00f4le\u017eit\u00e9 k\u00fdm sa obklop\u00edme.<\/p>\n<p><b>Od smiechu: Na \u010dom si sa dnes schuti zasmial?<\/b><br \/>\nRodi\u010dia dnes (21.11. pozn. red.) oslavovali kr\u00e1sne 43. v\u00fdro\u010die svadby a mamka vytiahla krabicu so star\u00fdmi rodinn\u00fdmi pokladmi. Na\u0161iel som tam dvadsa\u0165p\u00e4\u0165 ro\u010dn\u00e9 listy, ktor\u00e9 som p\u00edsal mlad\u0161iemu bratovi do \u0161koly v pr\u00edrode alebo listy adresovan\u00e9 rodi\u010dom z letn\u00e9ho t\u00e1bora. U\u017e len samotn\u00fd p\u00edsomn\u00fd prejav, pokreslen\u00e9 listy a \u010deskoslovensk\u00e9 po\u0161tov\u00e9 zn\u00e1mky boli kombin\u00e1ciou smiechu a ve\u013ek\u00e9ho dojatia. Mamka dok\u00e1zala dodnes uchova\u0165 a zakonzervova\u0165 n\u00e1m tak k\u00fasok detstva aj v \u010dase, ke\u010f sme nemali fotoapar\u00e1t \u010di kameru.<\/p>\n<p><b>Od pe\u0148az\u00ed: \u010co obsahoval tvoj ostatn\u00fd n\u00e1kup? <\/b><br \/>\n\u00da\u010det m\u00e1m e\u0161te pri sebe: tvaroh, maslo, tuniak, cibu\u013ea, cesnak, s\u00f3jov\u00e9 mlieko, zemiaky, tekvica, kysl\u00e1 kapusta, v\u00edno a franc\u00fazska bageta.<\/p>\n<p><b>Od osiky: M\u00e1\u0161 e\u0161te niekedy tr\u00e9mu? Ako s \u0148ou bojuje\u0161?<\/b><br \/>\nOdjak\u017eiva tomu hovor\u00edm \u201epocit zodpovednosti\u201c. Je to priamo \u00famerne z\u00e1visl\u00e9 od pocitu \u010di chcem nie\u010do poveda\u0165 alebo m\u00e1m \u010do poveda\u0165 v danej chv\u00edli a poz\u00edcii. S\u00fa situ\u00e1cie, ke\u010f sa sp\u00fdtam \u201e\u010do tu vlastne rob\u00ed\u0161?\u201c a zas naopak, ke\u010f som ve\u013emi r\u00e1d, \u017ee niekde m\u00f4\u017eem by\u0165.<\/p>\n<p><b>Od \u013eud\u00ed: Ako sa ti moderuje po boku Jakuba Pracha\u0159a? <\/b><br \/>\nMne ve\u013emi dobre. Na\u0161li sme si r\u00fdchlo svoje charakterov\u00e9 poz\u00edcie, \u010do je pri tandemoch ve\u013emi d\u00f4le\u017eit\u00e9, nepreteka\u0165 sa a nepozna\u0165 s\u00f3lo v\u00fdkon.<\/p>\n<p><b>Od talentu: Ktor\u00fd talentov\u00fd v\u00fdkon ti ostal v pam\u00e4ti z tohtoro\u010dn\u00fdch k\u00e1stingov?<\/b><br \/>\nMne sta\u010d\u00ed m\u00e1lo. Pri\u0161la pani Valerie, chytila z\u00e1chvat smiechu a potom spustila pesni\u010dku \u201eSkl\u00edpek\u201c bez toho aby si myslela, \u017ee m\u00f4\u017ee nie\u010do vyhra\u0165 ale n\u00e1ladu mi urobila na pol d\u0148a. Na tak\u00e9 veci nezab\u00fadam. Bola cel\u00e1 pozit\u00edvna.<\/p>\n<p><b>Od n\u00e1s: Pre\u010do si sa stal vyslancom dobrej v\u00f4le UNICEF na Slovensku?<\/b><br \/>\nPreto\u017ee je to pre m\u0148a \u010des\u0165. \u013dudskos\u0165 vraj kon\u010d\u00ed vtedy, ke\u010f m\u00e1te pocit, \u017ee niet komu pom\u00f4c\u0165. Neraz m\u00e1m pocit, \u017ee empatia zas kon\u010d\u00ed, ke\u010f \u013eudia hovoria \u201epre\u010do pom\u00e1ha\u0165 tam, ke\u010f treba pom\u00f4c\u0165 inde\u201c ale sami preto neurobia ni\u010d, je to len argument ich vlastnej ne\u010dinnosti.<\/p>\n<p><b>Od n\u00e1s II: Z\u00fa\u010dastnil si sa nat\u00e1\u010dania dokumentu o Ugande, ktor\u00fd premi\u00e9rovo v decembri odvysiela telev\u00edzia JOJ. Realitybook.sk je hrd\u00fdm medi\u00e1lnym partnerom Unicef Slovensko. Pribl\u00ed\u017e pros\u00edm \u0165a na\u0161im \u010ditate\u013eom \u010do je cie\u013eom tohto dokumentu.<\/b><br \/>\nAbsolvoval som ako vyslanec dobrej v\u00f4le v\u00fdpravu do ter\u00e9nu, nav\u0161t\u00edvili sme najchudobnej\u0161ie \u010dasti Ugandy, kde som sk\u00famal ako za\u010dal pom\u00e1ha\u0165 Unicef, \u010do sa zmenilo, \u010do sa zmeni\u0165 m\u00f4\u017ee a ak\u00e1 je situ\u00e1cia na miestach kam s\u00e1m pom\u00e1ham zbiera\u0165 finan\u010dn\u00e9 prostriedky. Mali sme pomerne nabit\u00fd program a p\u00fdtal som sa ka\u017ed\u00e9ho na \u010do som chcel, \u010do ma najviac zauj\u00edmalo. Ve\u013emi \u0161ikovn\u00e1 dokumentaristka a re\u017eis\u00e9rka M\u00e1ria Martiniakov\u00e1 mala zase pr\u00e1vo nato\u010di\u0165 v\u0161etko, \u010do uzn\u00e1 za vhodn\u00e9, tak vznikol kr\u00e1tky dokument.<\/p>\n<p><b>Od n\u00e1s III: Svoj pobyt si komentoval slovami: \u010eakujem Uganda, do smrti nezabudnem. \u010co ti teda do \u017eivota dala t\u00e1to sk\u00fasenos\u0165?<\/b><br \/>\nVe\u013emi ve\u013ea, neviem \u010di to dnes dok\u00e1\u017eem presne definova\u0165. Ne\u0161iel som do Ugandy nikoho \u013eutova\u0165, dobrovo\u013en\u00edci, ktor\u00ed podobn\u00e9 \u00fazemia nav\u0161tevuj\u00fa pravidelne mi dali ve\u013ea u\u017eito\u010dn\u00fdch r\u00e1d. Ja s\u00e1m som sa nau\u010dil v Ugande ve\u013ea o sebe, o n\u00e1s. Ako v\u017edy, ke\u010f cestujem do inej kult\u00fary a podmienok. Ur\u010dite v\u0161ak dnes viem, \u017ee na zabezpe\u010denie pitnej vody, zdravotnej starostlivosti a vzdel\u00e1vania sta\u010d\u00ed niekedy tak smie\u0161ne m\u00e1lo. A v porovnan\u00ed s Ugandou sme bohat\u00e1 krajina, ktor\u00e1 dok\u00e1\u017ee ve\u013emi pom\u00f4c\u0165 bez toho sme tie deti menili, nar\u00fa\u0161ali ich trad\u00edcie \u010di dedi\u010dstvo. Len ich m\u00f4\u017eeme nau\u010di\u0165 ako \u017ei\u0165 zdrav\u0161ie, osvoji\u0165 si hygienick\u00e9 n\u00e1vyky, ktor\u00e9 nepoznali, zbavi\u0165 sa tak niektor\u00fdch chor\u00f4b, uk\u00e1za\u0165 im ako sa postara\u0165 o studne, ktor\u00e9 im pom\u00f4\u017eeme vykopa\u0165 \u010di da\u0165 po\u013en\u00fdm \u0161kol\u00e1m strechu nad hlavou pri pol roka trvaj\u00facich da\u017e\u010foch.<\/p>\n<p><b>Od \u017eal\u00fadka: Najchutnej\u0161ie jedlo pre Teba je?<\/b><br \/>\nZ kvalitn\u00fdch, \u010derstv\u00fdch surov\u00edn a uvaren\u00e9 s l\u00e1skou.<\/p>\n<p><b>Od vl\u00e1dy: \u010co rob\u00ed\u0161, ke\u010f nie si Pyco? Alebo ako vyzer\u00e1 tvoj be\u017en\u00fd de\u0148?<\/b><br \/>\nNetrp\u00edm rozdvojenou osobnos\u0165ou, doma sa zob\u00fadza a v telev\u00edzii moderuje st\u00e1le ten ist\u00fd Martin, len div\u00e1k si ma pam\u00e4t\u00e1 pod prez\u00fdvkou PYCO.<\/p>\n","protected":false},"excerpt":{"rendered":"<p>Dnes u\u017e nikomu netreba predstavova\u0165 jedn\u00e9ho z najlep\u0161\u00edch Slovensko &#8211; \u010cesk\u00fdch moder\u00e1torov. Mnoh\u00ed ste mo\u017eno nevedeli, \u017ee sa stal taktie\u017e vyslancom dobrej v\u00f4le Unicef na Slovensku a z\u00fa\u010dastnil sa v\u00fdpravy do najchudobnej\u0161\u00edch \u010dast\u00ed v Ugande. Pri tejto pr\u00edle\u017eitosti nakr\u00fatili kr\u00e1tky dokument, ktor\u00fd \u010doskoro odvysiela telev\u00edzia JOJ. \u201eMoment\u00e1lne ma okrem moderovania talentovej s\u00fa\u0165a\u017ee (\u010cesko-Slovensko m\u00e1 talent, [&hellip;]<\/p>\n","protected":false},"author":1,"featured_media":1584,"parent":0,"menu_order":0,"comment_status":"open","ping_status":"closed","template":"","meta":{"footnotes":""},"class_list":["post-1583","page","type-page","status-publish","has-post-thumbnail","hentry"],"_links":{"self":[{"href":"http:\/\/martin-pyco-rausch-fans.sk\/index.php?rest_route=\/wp\/v2\/pages\/1583","targetHints":{"allow":["GET"]}}],"collection":[{"href":"http:\/\/martin-pyco-rausch-fans.sk\/index.php?rest_route=\/wp\/v2\/pages"}],"about":[{"href":"http:\/\/martin-pyco-rausch-fans.sk\/index.php?rest_route=\/wp\/v2\/types\/page"}],"author":[{"embeddable":true,"href":"http:\/\/martin-pyco-rausch-fans.sk\/index.php?rest_route=\/wp\/v2\/users\/1"}],"replies":[{"embeddable":true,"href":"http:\/\/martin-pyco-rausch-fans.sk\/index.php?rest_route=%2Fwp%2Fv2%2Fcomments&post=1583"}],"version-history":[{"count":4,"href":"http:\/\/martin-pyco-rausch-fans.sk\/index.php?rest_route=\/wp\/v2\/pages\/1583\/revisions"}],"predecessor-version":[{"id":6289,"href":"http:\/\/martin-pyco-rausch-fans.sk\/index.php?rest_route=\/wp\/v2\/pages\/1583\/revisions\/6289"}],"wp:featuredmedia":[{"embeddable":true,"href":"http:\/\/martin-pyco-rausch-fans.sk\/index.php?rest_route=\/wp\/v2\/media\/1584"}],"wp:attachment":[{"href":"http:\/\/martin-pyco-rausch-fans.sk\/index.php?rest_route=%2Fwp%2Fv2%2Fmedia&parent=1583"}],"curies":[{"name":"wp","href":"https:\/\/api.w.org\/{rel}","templated":true}]}}