{"id":277,"date":"2014-10-18T02:15:26","date_gmt":"2014-10-18T00:15:26","guid":{"rendered":"http:\/\/www.martin-pyco-rausch-fans.sk\/wordpress\/?page_id=277"},"modified":"2015-02-09T00:58:04","modified_gmt":"2015-02-08T22:58:04","slug":"je-mi-jedno-ze-som-sexymbol","status":"publish","type":"page","link":"http:\/\/martin-pyco-rausch-fans.sk\/?page_id=277","title":{"rendered":"&#8222;Je mi jedno \u017ee som sexymbol&#8220;"},"content":{"rendered":"<div class = \"alert alert-info \">Zdroj:\u00a0Slovenka<br \/>\nD\u00e1tum: 2005<\/div>\n<p>U\u017e ako p\u00e4tn\u00e1s\u0165ro\u010dn\u00fd chalan pri\u0161iel do Fun r\u00e1dia a pon\u00fakol sa, \u017ee bude robi\u0165 hudobn\u00e9ho redaktora. Potom sa v\u0161ak dal nahovori\u0165 aj na moderovanie a nieko\u013eko rokov zost\u00e1val schovan\u00fd za anonymitou rozhlasov\u00e9ho mikrof\u00f3nu. Ke\u010f v\u0161ak Slovensko za\u010dalo h\u013eada\u0165 SuperStar, z\u00edskal ohromn\u00fa popularitu a stal sa mil\u00e1\u010dikom davu. Aj napriek medi\u00e1lnej sl\u00e1ve v\u0161ak zost\u00e1va uzavret\u00fd do seba. S\u00e1m hovor\u00ed, \u017ee je v\u00e1hav\u00e1 V\u00e1ha, r\u00e1d vyh\u013ead\u00e1va chv\u00edle, ke\u010f je s\u00e1m a s\u00fakromie si \u00fazkostlivo str\u00e1\u017ei Martin &#8222;Pyco&#8220; Rausch.<\/p>\n<p><b>V \u010dase, ke\u010f sa vysielala SuperStar ste za\u017e\u00edvali ve\u013ek\u00fd n\u00e1por fan\u00fa\u0161i\u010diek. U\u017e to ut\u00edchlo? Alebo v\u00e1m e\u0161te st\u00e1le vyvol\u00e1vaj\u00fa, zvonia pri dver\u00e1ch &#8230;<\/b><br \/>\nNa\u0161\u0165astie, spolu so SuperStar tento jav pomaly opadal, a\u017e celkom zmizol, tak\u017ee som nepri\u0161iel o il\u00fazie, pr\u00e1ve naopak, te\u0161il som sa na to.<\/p>\n<p><b>Ale aj tak ste e\u0161te \u010dasto ozna\u010dovan\u00fd za sexsymbol. Te\u0161\u00ed to, alebo otravuje?<\/b><br \/>\nTe\u0161ilo by ma to, ak by to hovoril niekto, koho n\u00e1zor re\u0161pektujem aj v inej sf\u00e9re, alebo niekto v mojich o\u010diach atrakt\u00edvny. Ale nakoniec, je to tak individu\u00e1lne a nemerate\u013en\u00e9, \u017ee mi to je \u00faprimne jedno. Kto je vlastne sexsymbol? Ten, koho vid\u00edme upraven\u00e9ho v telev\u00edzii, alebo na fotografii, alebo ten, kto sa r\u00e1no zobud\u00ed a p\u00f4sob\u00ed sexy? Ak by Salma Hayek \u010di Christina Aguilera povedali, \u017ee som sexy, tak len tak \u013eahko nezasp\u00edm&#8230; .<\/p>\n<p><b>Dnes s\u00edce patr\u00edte k najob\u013e\u00fabenej\u0161\u00edm moder\u00e1torom, ale vraj ste po tejto pr\u00e1ci v\u00f4bec net\u00fa\u017eili. Kedy sa to vlastne zlomilo a kto v\u00e1s na tento n\u00e1pad priviedol?<\/b><br \/>\nNeviem, kedy sa z redaktora st\u00e1va moder\u00e1tor. Ja som sa a\u017e do Superstar c\u00edtil sk\u00f4r redaktorom, v\u00fdnimkou sn\u00e1\u010f bola iba telev\u00edzna rel\u00e1cia o varen\u00ed. Moder\u00e1tor je pre m\u0148a ten, ktor\u00fd sa \u017eiv\u00ed t\u00fdm, \u017ee rozpr\u00e1va, niekedy aj o tom, \u010domu celkom nerozumie, len aby to div\u00e1kovi spr\u00edjemnil. St\u00e1le sa c\u00edtim istej\u0161\u00ed v poz\u00edcii hudobn\u00e9ho redaktora, ktor\u00fd nehodnot\u00ed a nebav\u00ed, ale posiela \u010falej inform\u00e1ciu.<\/p>\n<p><b>Mnoho va\u0161ich kolegov za\u010d\u00ednalo ako recit\u00e1tori, \u010di amat\u00e9rski divadeln\u00edci. Aj vy ste boli tak\u00fdm typick\u00fdm usilovn\u00fdm reprezentantom \u0161koly? Alebo naopak?<\/b><br \/>\nU\u010dil som sa s\u00edce na sam\u00e9 jednotky, ale v ni\u010dom som \u0161kolu nereprezentoval a u\u017e v\u00f4bec nie v recitovan\u00ed. Ja som bol v\u017edy rad\u0161ej t\u00e1 tich\u00e1 voda, \u0161ed\u00fd priemer a exhibicionizmus mi vlastn\u00fd v\u00f4bec nebol.<\/p>\n<p><b>Ak\u00e9 ste vlastne boli die\u0165a?<\/b><br \/>\nBol som sk\u00f4r samostatn\u00fd a\u017e samot\u00e1rsky. Mal som tak\u00fd vlastn\u00fd svet a aj preto dnes ob\u010das vyh\u013ead\u00e1vam chv\u00edle, ke\u010f m\u00f4\u017eem by\u0165 s\u00e1m. Akosi mi to zostalo a regenerujem tak telo a ducha.<\/p>\n<p><b>Kto v\u00e1s v tom \u010dase najviac ovplyvnil?<\/b><br \/>\nNajviac ma ovplyvnila mama, ktor\u00e1 vychovala \u0161tyri deti, pracovala od r\u00e1na do ve\u010dera a odkedy som sa narodil, nepam\u00e4t\u00e1m si, \u017eeby niekedy v\u00f4bec myslela na seba. A dodnes \u017eijem na pleci s du\u0161ou mojej tety M\u00e1rie, ktor\u00e1 sa o m\u0148a \u010dasto starala, mala krut\u00fd osud a napriek tomu sa sna\u017eila da\u0165 mi v\u0161etok \u017eivot a \u00factu k nemu.<\/p>\n<p><b>Pohybujete sa s\u00edce v m\u00e9di\u00e1ch, ale pritom ste p\u00f4vodne vy\u0161tudovali hotelov\u00fa akad\u00e9miu. U\u017e v jej prvom ro\u010dn\u00edku ste sa v\u0161ak hl\u00e1sili vo Fun r\u00e1diu. Trochu ve\u013ek\u00fd skok, nie? Odrazu ste u\u017e net\u00fa\u017eili by\u0165 hoteli\u00e9rom?<\/b><br \/>\nHotelov\u00e1 akad\u00e9mia bola vo\u013eba najmen\u0161ieho zla. Mal som s\u00edce dobr\u00e9 zn\u00e1mky, no gymn\u00e1zium som nechcel. T\u00fa\u017eil som ma\u0165 v \u0161kole jazyky, geografiu, nie\u010do zo sveta a z\u00e1rove\u0148 som r\u00e1d varil. Hotelovka mala p\u00e4\u0165 rokov, \u010d\u00edm som si o rok oddialil aj z\u00e1kladn\u00fa vojensk\u00fa slu\u017ebu. R\u00e1dio pri\u0161lo prirodzene. Bavilo ma sledova\u0165 hudobn\u00e9 spr\u00e1vy a hitpar\u00e1dy, tak som sa v po\u010diatkoch Fun r\u00e1dia pri\u0161iel pon\u00faknu\u0165 do kolekt\u00edvu, kde bol o desa\u0165 rokov vy\u0161\u0161\u00ed priemer. A hne\u010f ste tam zostali. Raz v\u00e1s dokonca kdesi nazvali funr\u00e1diovsk\u00fdm Matuzalemom, preto\u017ee ste tam str\u00e1vili pekn\u00fdch p\u00e1r liet.<\/p>\n<p><b>Ako si spom\u00ednate na tie \u010dasy, ke\u010f tam robili O\u013ega Z\u00e1black\u00e1, Martin Nikod\u00fdm, Petra Bernasovsk\u00e1, Vlado Vo\u0161tin\u00e1r a in\u00ed?<\/b><br \/>\nTo boli moje za\u010diatky, prekladal som spr\u00e1vy a po\u010d\u00edtal hlasy do hitpar\u00e1dy, a tak. Neby\u0165 Olinky Z\u00e1blackej, asi by ma nikdy nikto nedon\u00fatil posadi\u0165 sa aj pred mikrof\u00f3n. Ona trpela aj za m\u0148a len preto, \u017ee chcela zo m\u0148a moder\u00e1tora. Bolo to mil\u00e9 a dnes mi to pr\u00edde a\u017e zar\u00e1\u017eaj\u00face, ako ve\u013emi som nechcel.<\/p>\n<p><b>A pr\u00e1ve vo &#8222;funku&#8220; ste sa stretli s Adelou, s ktorou dnes tvor\u00edte moder\u00e1torsk\u00fa dvojicu. Pam\u00e4t\u00e1te si na va\u0161e \u00faplne prv\u00e9 stretnutie? \u010co ste si vtedy o nej mysleli?<\/b><br \/>\nV tom \u010dase som sa po trojro\u010dnej pauze vr\u00e1til do Fun r\u00e1dia a ke\u010f som sa pre\u0161iel zrenovovan\u00fdmi priestormi, vrazili sme do seba. Poznal som len jej hlas a p\u00e1\u010dilo sa mi, ako moderuje. Tak\u00e9 nie\u010do predt\u00fdm v r\u00e1diu nebolo. Ke\u010f som ju uvidel, mal som pocit, \u017ee ma nem\u00e1 rada. Ale ona ani netu\u0161ila, \u017ee som tam kedysi pracoval.<\/p>\n<p><b>A ak\u00fd m\u00e1te na \u0148u n\u00e1zor dnes?<\/b><br \/>\nAdela je nekonven\u010dn\u00e1 a unik\u00e1tna. To ju stavia do samostatnej kateg\u00f3rie a pravdupovediac neviem, \u010di sa k nej niekto v tomto smere pribl\u00ed\u017ei. Vo vn\u00fatri je v\u0161ak \u010faleko viac krehk\u00e1 a citliv\u00e1, ne\u017e p\u00f4sob\u00ed aj m\u00e9diami vytv\u00e1ran\u00fd obraz. Mne na nej vyhovuje pr\u00e1ve fakt, \u017ee aj ona je v znamen\u00ed V\u00e1h a \u010dasto o sebe pochybuje, to m\u00e1me spolo\u010dn\u00e9. A ka\u017ed\u00fd z n\u00e1s potrebuje ob\u010das kolegom nakopn\u00fa\u0165.<\/p>\n<p><b>Hoci medi\u00e1lnu &#8222;sl\u00e1vu&#8220; v\u00e1m priniesla a\u017e SuperStar, na obrazovke ste boli d\u00e1vno predt\u00fdm. Bavila v\u00e1s rel\u00e1cia o varen\u00ed, ktor\u00fa ste kedysi uv\u00e1dzali?<\/b><br \/>\nBola to \u0161kola a moja prv\u00e1 ozajstn\u00e1 \u0161anca. Rel\u00e1cia nemala \u017eiadne promo, pri\u010dom ka\u017ed\u00fd pondelok v primetime urobila slu\u0161n\u00e9 \u010d\u00edsla, no to bolo za starej STV. Varenie ma bav\u00ed a ke\u010f si mnoh\u00ed mysleli, \u017ee nem\u00e1m p\u00e1ru, o \u010dom rozpr\u00e1vame, ja som sa v tom vy\u017e\u00edval ako ryba vo vode. Moder\u00e1torsky to ale asi nebol bohvieak\u00fd v\u00fdkon.<\/p>\n<p><b>Aj v s\u00fakrom\u00ed r\u00e1d a \u010dasto var\u00edte. \u010co najrad\u0161ej?<\/b><br \/>\nTo je zlo\u017eit\u00e1 ot\u00e1zka, ale odpove\u010f znie &#8211; v\u0161etko bez m\u00e4sa. Spektrum dostupn\u00fdch potrav\u00edn je ve\u013ek\u00e9 a fant\u00e1zia tie\u017e. R\u00e1d experimentujem.<\/p>\n<p><b>\u010co si navar\u00edte, to si aj zjete? Ako to, \u017ee to na va\u0161ej postave nenech\u00e1va n\u00e1sledky?<\/b><br \/>\nU\u017e cel\u00fdch 12 rokov nejem m\u00e4so, \u0161portujem, h\u00fdbem sa a ke\u010f sa nejak\u00e9 to kilo prid\u00e1, jem menej. V\u0161etko je to o pohybe, stravu m\u00e1m \u00faplne v poriadku.<\/p>\n<p><b>Stravu \u00e1no, no je aj v\u00e1\u0161 celkov\u00fd \u017eivotn\u00fd \u0161t\u00fdl tak\u00fd vzorn\u00fd, ako b\u00fdva u vegetari\u00e1nov? Star\u00e1te sa o seba zodpovedne?<\/b><br \/>\nTak to nie. Neviem sa zbavi\u0165 cigariet, chut\u00ed mi v\u00ednko a r\u00e1d sa bav\u00edm. Ale nechcem \u00eds\u0165 do hrobu s pocitom, \u017ee som si odopieral \u00faplne v\u0161etko.<\/p>\n<p><b>Vo va\u0161ej pr\u00e1ci je potrebn\u00fd ist\u00fd imid\u017e. Aj vy si ho pestujete?<\/b><br \/>\nNie, imid\u017e si nepestujem, to robia \u0161aty a sc\u00e9na. V s\u00fakrom\u00ed chcem denne d\u017e\u00ednsy a tri\u010dko plus tenisky. Dokonca to za\u0161lo a\u017e tak \u010faleko, \u017ee u\u017e tri mesiace si aj s\u00e1m strih\u00e1m stroj\u010dekom vlasy a nechod\u00edm ku kadern\u00edkovi.<\/p>\n<p><b>Moderovanie je v\u0161ak pr\u00e1cou len na ur\u010dit\u00fd \u010das. Kde sa vid\u00edte v bud\u00facnosti?<\/b><br \/>\nPostupne sa uber\u00e1m cestou, ktor\u00fa som nikdy nepl\u00e1noval. Moderovanie som v pl\u00e1ne v\u00f4bec nemal, ale moment\u00e1lne mi to vyhovuje, ke\u010f\u017ee ma to u\u017eiv\u00ed. R\u00e1d by som v\u0161ak v bud\u00facnosti pracoval s \u013eu\u010fmi, nie\u010do so vzdel\u00e1van\u00edm, cestovan\u00edm a tak. Ist\u00e9 predstavy m\u00e1m, ale o tom je v s\u00fa\u010dasnosti zbyto\u010dn\u00e9 hovori\u0165. Najbli\u017e\u0161ie dva roky e\u0161te moderujem, k\u00fdm sa neopozer\u00e1m u\u017e celkom.<\/p>\n<p><b>V\u0161ade sa hovor\u00ed o skvel\u00fdch moder\u00e1torsk\u00fdch platoch. D\u00e1 sa z toho naozaj \u017ei\u0165 na vysokej nohe?<\/b><br \/>\nNeviem, \u010do je to \u017ei\u0165 na vysokej nohe. Ja zar\u00e1bam doslova sez\u00f3nne, ke\u010f m\u00e1m rel\u00e1ciu a peniaze utr\u00e1cam postupne v \u010dase, ke\u010f som bez pr\u00edjmu. V\u0161etko, \u010do som zarobil na telev\u00edznom moderovan\u00ed, som u\u017e minul na cestovanie, \u0161kolu, \u010diasto\u010dne splatenie hypot\u00e9ky a be\u017en\u00e9 v\u00fddavky. V porovnan\u00ed s mlad\u00fdmi \u013eu\u010fmi v mojom veku to pre niekoho mo\u017eno je &#8222;vysok\u00e1 noha&#8220;.<\/p>\n<p><b>Ste zn\u00e1mym hudobn\u00fdm fajn\u0161mekrom. Ak\u00e1 hudba je v\u00e1m najbli\u017e\u0161ia?<\/b><br \/>\nTo sa v podstate men\u00ed z roka na rok, ale aktu\u00e1lne m\u00e1m sk\u00f4r r\u00e1d interpretov, ktor\u00ed s\u00fa u n\u00e1s menej zn\u00e1mi. No dnes som po\u010d\u00faval Tori Amos, Feist, Ko\u0161\u010dov\u00fa, Radiohead, Ninu Simone a Basement Jaxx.<\/p>\n<p><b>M\u00e1te ob\u013e\u00fabencov aj zo slovenskej hudobnej sc\u00e9ny? Koho a pre\u010do?<\/b><br \/>\nJednozna\u010dne skupinu Para. Ale te\u0161\u00edm sa na to, ako Jana Kirschner uk\u00e1\u017ee svetu, kde je Slovensko.<\/p>\n<p><b>Sledujete aj hudobn\u00fa dr\u00e1hu b\u00fdval\u00fdch s\u00fa\u0165a\u017eiacich zo SuperStar?<\/b><br \/>\nSledujem ich prostredn\u00edctvom m\u00e9di\u00ed. Dodnes si stoj\u00edm za t\u00fdm, \u017ee Katka Ko\u0161\u010dov\u00e1 nahrala mil\u00fd album, ktor\u00fd r\u00e1d opakovane po\u010d\u00favam a je mi \u013e\u00fato, \u017ee jeho n\u00e1ladu \u00faplne zatienila n\u00e1lepka zo SuperStar. A te\u0161\u00edm sa na album M\u00e1rie Bundovej.<\/p>\n<p><b>Precestovali ste mnoho kraj\u00edn. \u010co v\u00e1m cestovanie d\u00e1va?<\/b><br \/>\nRe\u0161tartovanie, regener\u00e1ciu, oddych a energiu. Som nesmierne r\u00e1d, \u017ee m\u00f4\u017eem \u017ei\u0165 v \u010dase, ke\u010f cestovanie u\u017e nie je ileg\u00e1lne a nikto ma nev\u00e4zn\u00ed v rodnej krajine. O to rad\u0161ej sa potom vraciam. Cestovanie je v\u0161ak dobr\u00e9 aj na uvedomenie si vlastnej lok\u00e1lnej &#8222;malosti&#8220;, ktor\u00e1 niekedy Slov\u00e1ka n\u00fati zbyto\u010dne sa udiera\u0165 do hrude.<\/p>\n<p><b>Kde sa v\u00e1m najviac p\u00e1\u010dilo?<\/b><br \/>\nNajviac? Gr\u00e9cko a Portugalsko. No o\u010daril ma aj Berl\u00edn. U m\u0148a v\u0161ak nie s\u00fa d\u00f4le\u017eit\u00e9 ani tak pamiatky, ako sk\u00f4r n\u00e1lada a \u013eudia. Preto je ve\u013emi individu\u00e1lne, ak\u00fd m\u00e1m pocit z dan\u00e9ho miesta a z\u00e1vis\u00ed od toho, kedy a kam idem a koho stretnem.<\/p>\n<p><b>V ktorej krajine by ste bez v\u00e1hania zostali \u017ei\u0165?<\/b><br \/>\nNad t\u00fdm som u\u017e ve\u013eakr\u00e1t bezv\u00fdsledne prem\u00fd\u0161\u013eal. V Gr\u00e9cku som po\u010das \u0161t\u00fadia na \u0161kole pre\u017eil u\u017e zop\u00e1r mesiacov, ale poveda\u0165, \u017ee niekde dok\u00e1\u017eem zosta\u0165 nav\u017edy, je pre V\u00e1hy, ako som ja, pr\u00edli\u0161 definit\u00edvne vyhl\u00e1senie.<\/p>\n<p><b>Kam sa najbli\u017e\u0161ie chyst\u00e1te?<\/b><br \/>\nTeraz nikam, budem pracova\u0165 a pr\u00e1ca nepust\u00ed.<\/p>\n<p><b>O rok budete ma\u0165 tridsiatku, niektor\u00ed va\u0161i rovesn\u00edci sa u\u017e usadili, no vy sa na verejnosti v\u00f4bec neobjavujete so \u017eiadnou l\u00e1skou&#8230; Je za t\u00fdm nedostatok \u010dasu, alebo ste e\u0161te nena\u0161li t\u00fa prav\u00fa?<\/b><br \/>\nOdpovedali ste si vlastne sami: na verejnosti sa neukazujem. Teoreticky, ak by som sa u\u017e o\u017eenil a \u010dakal s partnerkou prv\u00e9 die\u0165a, ani o tom nikto nemus\u00ed vedie\u0165. Nemysl\u00edm si, \u017ee by tak\u00e1 inform\u00e1cia nejako zlep\u0161ila, \u010di zhor\u0161ila m\u00f4j pl\u00e1novan\u00fd moder\u00e1torsk\u00fd v\u00fdkon. Zatia\u013e neinklinujem k vz\u0165ahu s celebritou, \u010d\u00edm aj kles\u00e1 \u00farove\u0148 medializ\u00e1cie m\u00f4jho s\u00fakromia.<\/p>\n<p><b>Tak\u017ee rodinn\u00fd krb, deti\u010dky, prech\u00e1dzky s ko\u010diarikom, v\u00e1s e\u0161te nel\u00e1kaj\u00fa?<\/b><br \/>\nTento typ pl\u00e1novania prin\u00e1\u0161a neraz sklamanie, tak\u017ee sa mu vyh\u00fdbam. \u017divot plynie a zatia\u013e zo spom\u00ednanej tridsiatky strach nem\u00e1m.<\/p>\n","protected":false},"excerpt":{"rendered":"<p>U\u017e ako p\u00e4tn\u00e1s\u0165ro\u010dn\u00fd chalan pri\u0161iel do Fun r\u00e1dia a pon\u00fakol sa, \u017ee bude robi\u0165 hudobn\u00e9ho redaktora. Potom sa v\u0161ak dal nahovori\u0165 aj na moderovanie a nieko\u013eko rokov zost\u00e1val schovan\u00fd za anonymitou rozhlasov\u00e9ho mikrof\u00f3nu. Ke\u010f v\u0161ak Slovensko za\u010dalo h\u013eada\u0165 SuperStar, z\u00edskal ohromn\u00fa popularitu a stal sa mil\u00e1\u010dikom davu. Aj napriek medi\u00e1lnej sl\u00e1ve v\u0161ak zost\u00e1va uzavret\u00fd do [&hellip;]<\/p>\n","protected":false},"author":1,"featured_media":0,"parent":0,"menu_order":0,"comment_status":"open","ping_status":"open","template":"","meta":{"footnotes":""},"class_list":["post-277","page","type-page","status-publish","hentry"],"_links":{"self":[{"href":"http:\/\/martin-pyco-rausch-fans.sk\/index.php?rest_route=\/wp\/v2\/pages\/277","targetHints":{"allow":["GET"]}}],"collection":[{"href":"http:\/\/martin-pyco-rausch-fans.sk\/index.php?rest_route=\/wp\/v2\/pages"}],"about":[{"href":"http:\/\/martin-pyco-rausch-fans.sk\/index.php?rest_route=\/wp\/v2\/types\/page"}],"author":[{"embeddable":true,"href":"http:\/\/martin-pyco-rausch-fans.sk\/index.php?rest_route=\/wp\/v2\/users\/1"}],"replies":[{"embeddable":true,"href":"http:\/\/martin-pyco-rausch-fans.sk\/index.php?rest_route=%2Fwp%2Fv2%2Fcomments&post=277"}],"version-history":[{"count":3,"href":"http:\/\/martin-pyco-rausch-fans.sk\/index.php?rest_route=\/wp\/v2\/pages\/277\/revisions"}],"predecessor-version":[{"id":2024,"href":"http:\/\/martin-pyco-rausch-fans.sk\/index.php?rest_route=\/wp\/v2\/pages\/277\/revisions\/2024"}],"wp:attachment":[{"href":"http:\/\/martin-pyco-rausch-fans.sk\/index.php?rest_route=%2Fwp%2Fv2%2Fmedia&parent=277"}],"curies":[{"name":"wp","href":"https:\/\/api.w.org\/{rel}","templated":true}]}}