{"id":293,"date":"2014-10-18T02:23:47","date_gmt":"2014-10-18T00:23:47","guid":{"rendered":"http:\/\/www.martin-pyco-rausch-fans.sk\/wordpress\/?page_id=293"},"modified":"2015-02-09T00:52:36","modified_gmt":"2015-02-08T22:52:36","slug":"mam-rad-umelcov-ktori-nekazu-ale-kladu-otazky","status":"publish","type":"page","link":"http:\/\/martin-pyco-rausch-fans.sk\/?page_id=293","title":{"rendered":"&#8222;M\u00e1m r\u00e1d umelcov, ktor\u00ed nek\u00e1\u017eu, ale klad\u00fa ot\u00e1zky&#8220;"},"content":{"rendered":"<div class = \"alert alert-info \">Zdroj:\u00a0&#8211;<br \/>\nD\u00e1tum: 2006<\/div>\n<p>Trin\u00e1sty rok pracuje v r\u00e1diu, tri roky varil v STV, miluje cestovanie&#8230; a v s\u00fa\u010dasnosti sprev\u00e1dza div\u00e1kov verejnopr\u00e1vnej Jednotky pri h\u013eadan\u00ed SuperStar \u2013 Martin \u201ePyco\u201c Rausch.<br \/>\n<b>Dva roky si v SuperStar &#8211; to je mno\u017estvo sk\u00fasenost\u00ed, medializ\u00e1cie, fanyniek, popularity, ale aj neprajn\u00edkov a strata s\u00fakromia. \u010co z toho, \u010do ti t\u00e1to spev\u00e1cka s\u00fa\u0165a\u017e priniesla si najviac cen\u00ed\u0161 a \u010do by si naopak rad\u0161ej vynechal? \u013dudia u\u017e poznaj\u00fa tvoju tv\u00e1r \u2013 bolo to pre teba niekedy v\u00fdhodou alebo nev\u00fdhodou? <\/b><br \/>\nNajviac si cen\u00edm profesion\u00e1lne sk\u00fasenosti a schopnos\u0165 zvl\u00e1dnu\u0165 dvojhodinov\u00fd priamy prenos bez toho, aby ma to zvalcovalo. Spolupr\u00e1ca s Adelou, Pe\u0165om Nun\u00e9zom a cel\u00fdm \u0161t\u00e1bom ma nau\u010dila viac ako som si mohol myslie\u0165 a som za to v\u0161etk\u00fdm ve\u013emi v\u010fa\u010dn\u00fd. Niektor\u00ed nov\u00ed kolegovia mi po dvoch rokoch tak prir\u00e1stli k srdcu, \u017ee si ani neprip\u00fa\u0161\u0165am mo\u017enos\u0165, \u017ee na\u0161a \u010fal\u0161ia spolupr\u00e1ca je mo\u017en\u00e1 len teoreticky. Chcel som cestova\u0165 a netaj\u00edm sa t\u00fdm, \u017ee podpis zmluvy na moderovanie Superstar som u\u017e vtedy vn\u00edmal aj ako ist\u00fd finan\u010dn\u00fd zdroj, ktor\u00fd som chcel do cestovania investova\u0165 a s t\u00fdm s\u00fa spojen\u00e9 z\u00e1\u017eitky a sk\u00fasenosti, ktor\u00e9 s\u00fa na nezaplatenie. V s\u00fakrom\u00ed som introvert, tak\u017ee strati\u0165 mo\u017enos\u0165 pohybu inkognito som neuv\u00edtal, ale nes\u0165a\u017eujem sa. Ak V\u00e1s \u013eudia spoznaj\u00fa, neraz id\u00fa veci \u013eah\u0161ie a mo\u017eno sa na seba aj viac usmievame, \u010do je na Slovensku v\u017edy zmenou k lep\u0161iemu. S odstupom \u010dasu to v\u0161etko hodnot\u00edm iba pozit\u00edvne.<\/p>\n<p><b>Ak by si mohol porovna\u0165 prv\u00fd a druh\u00fd ro\u010dn\u00edk SuperStar \u2013 v \u010dom vid\u00ed\u0161 najv\u00e4\u010d\u0161\u00ed rozdiel? <\/b><br \/>\nC\u00edtim sa akosi viac nad vecou v tom zmysle, \u017ee to pre\u017e\u00edvam profesion\u00e1lnej\u0161ie. Moderovanie mi je omnoho pr\u00edjemnej\u0161ie, mysl\u00edm \u017ee aj v r\u00e1mci prevedenia sme moder\u00e1torsky \u010di stajlingovo odv\u00e1\u017enej\u0161\u00ed. Pod\u013ea m\u0148a s\u00fa spev\u00e1ci dvojky zdatnej\u0161\u00ed, len glob\u00e1lne sa javia menej vyprofilovan\u00ed v porovnan\u00ed s \u201ejednotk\u00e1rmi\u201c. A v z\u00e1kulis\u00ed je rovnak\u00fd \u0161t\u00e1b. Pozn\u00e1me sa dobre, v\u010faka tomu sa pre m\u0148a sa pr\u00e1ca stala viac z\u00e1bavou. Viem by\u0165 kreat\u00edvnej\u0161\u00ed, len ak z\u00edskam ist\u00fa formu zdrav\u00e9ho stereotypu a z\u00e1zemia, ke\u010f vec\u00ed za\u010dn\u00fa fungova\u0165.<\/p>\n<p><b>Kruh finalistov sa r\u00fdchlo zu\u017euje \u2013 m\u00e1\u0161 svojho favorita? Sn\u00edval si niekedy o tom, \u017ee by si sa stal spev\u00e1kom alebo hudobn\u00edkom?<\/b><br \/>\nFavoritov m\u00e1m v\u017edy pod\u013ea aktu\u00e1lnej situ\u00e1cie, ale nikdy to nekomentujem. Som moder\u00e1tor a tento fakt vn\u00edmam ako povinnos\u0165, nekomentova\u0165 s\u00fa\u0165a\u017eiacich, preto\u017ee je to podvedome sp\u00e1jan\u00e9 so zv\u00fdhod\u0148ovan\u00edm. Ak by som si o ktoromko\u013evek s\u00fa\u0165a\u017eiacom nie\u010do vymyslel, mo\u017eno mi to \u013eudia z vonku uveria sk\u00f4r ako novin\u00e1rom, m\u00e1m k n\u00edm bezprostredn\u00fd pr\u00edstup. A preto nekomentujem a hovor\u00edm len kladn\u00e9 veci. Vyjadrujem sa a\u017e po s\u00fa\u0165a\u017ei, vtedy sa v\u0161ak u\u017e \u017eiadny novin\u00e1r na to nep\u00fdta. Spieva\u0165 by som mohol len keby som sa to nau\u010dil, pr\u00edpadne robil hudbu cez po\u010d\u00edta\u0165 ako Daft Punk, to by mi mo\u017eno aj celkom i\u0161lo. Jasn\u00e9, \u017ee by som chcel vedie\u0165 spieva\u0165. A ako!<\/p>\n<p><b>Ak\u00e9 men\u00e1 zo s\u00fa\u010dasnej hudobnej sc\u00e9ny s\u00fa pre teba ako hudobn\u00e9ho redaktora a moder\u00e1tora skuto\u010dn\u00e9 Super? \u010co pod\u013ea teba odli\u0161uje SuperStar od in\u00fdch spev\u00e1kov, spev\u00e1\u010dok \u010di skup\u00edn? A \u010do tvoja ob\u013e\u00faben\u00e1 hudobn\u00e1 hviezda? <\/b><br \/>\n\u0164a\u017ek\u00e1 ot\u00e1zka, preto\u017ee ak niekoho nespomeniem, bude mi to nesk\u00f4r \u013e\u00fato. M\u00e1m r\u00e1d komplexn\u00e9 hudobn\u00e9 osobnosti, ktor\u00fdch hudbu vn\u00edmam ako vyjadrovac\u00ed prostriedok a to \u010do hovoria ma zauj\u00edma, dv\u00edha zo stoli\u010dky, priv\u00e1dza do euf\u00f3rie a aj v pr\u00edpade, ak nes\u00fahlas\u00edm, n\u00fati ma to zamyslie\u0165 sa. M\u00e1m r\u00e1d umelcov, ktor\u00ed nek\u00e1\u017eu a nehl\u00e1sia, ale klad\u00fa ot\u00e1zky, na ktor\u00e9 mnohokr\u00e1t mo\u017eno ani sami nepoznaj\u00fa odpove\u010f, skr\u00e1tka podvedome n\u00fatia posluch\u00e1\u010da myslie\u0165. Ak to podaj\u00fa s unik\u00e1tnou hudbou, \u010di audiovizu\u00e1lnym spojen\u00edm ak\u00e9hosi jedine\u010dn\u00e1, definujem to ako umenie. O tom ma s ka\u017ed\u00fdm projektom presvied\u010daj\u00fa \u013eudia z inej plan\u00e9ty: Bj\u00f6rk, Radiohead, Muse, Rufus Wainwright. Robia to aj enternejneri s v\u00fdnimo\u010dn\u00fdm darom: Madonna, Prince a nevy\u010derpate\u013en\u00e9 hudobn\u00e9 mozgy: Missy Elliot, Chemical Brothers, Daft Punk, Black Eyed Peas. A za posledn\u00fd rok som najintenz\u00edvnej\u0161ie po\u010d\u00faval: Pink Martini, Arctic Monkeys, Alkistis Protopsalti, Goran Bregovic, Bebe, Prince, Sade, Massive Attack, Tori Amos, Billie Holiday, Bj\u00f6rk, The Bright Eyes a tak \u010falej. Moj\u00edm najaktu\u00e1lnej\u0161\u00edm hitom, ktor\u00fd po\u010d\u00favam denne je \u201eValentine\u201c od The Delays. Slovensk\u00e9 r\u00e1dia sa mu v\u0161ak \u00faspe\u0161ne vyh\u00fdbaj\u00fa. Mysl\u00edm si, \u017ee SuperStar je s\u00fa\u0165a\u017e a o umelcovi, m\u00f4\u017ee a nemus\u00ed ni\u010d vypoveda\u0165. To sa uk\u00e1\u017ee sa a\u017e nesk\u00f4r. Ja som r\u00e1d, \u017ee sa mi potvrdili moje vlastn\u00e9 odhady. Aj po roku ma st\u00e1le najviac dok\u00e1\u017ee vlastnou tvorbou nadchn\u00fa\u0165 Zdena Predn\u00e1 a Katka Ko\u0161\u010dov\u00e1, ktor\u00e9 mi boli sympatick\u00e9 ako spev\u00e1cky, tak aj \u013eudsky.<\/p>\n<p><b>\u013eadanie slovenskej SuperStar je nielen o talentoch ale aj o imid\u017ei. Do akej miery si sa musel podriadi\u0165 tejto \u010dasti s\u00fa\u0165a\u017ee?<\/b><br \/>\nDo tej miery, ak\u00fa ste videli na obrazovke a so \u017eiadnou z nich som nemal probl\u00e9m. Dokonca pri mnoh\u00fdch kost\u00fdmoch \u010di prevlekoch, som bol s\u00e1m iniciat\u00edvny. Vo fin\u00e1lov\u00fdch kol\u00e1ch som osobne bojoval za v\u00fdsledn\u00fd styling pre rockov\u00e9, disco aj pop-idol kolo. Mnoh\u00e9 z retro k\u00faskov boli dokonca z m\u00f4jho vlastn\u00e9ho \u0161atn\u00edka. M\u00f3de ve\u013emi nerozumiem, ale je mi celkom jasn\u00e9 v \u010dom chcem a nechcem vst\u00fapi\u0165 na p\u00f3dium. Mysl\u00edm, \u017ee imid\u017e je v r\u00e1mci medi\u00e1lnej prezent\u00e1cie d\u00f4le\u017eit\u00fd, tak ako celkov\u00e9 p\u00f4sobenie \u010dloveka. M\u00f4\u017ee pom\u00f4c\u0165 aj u\u0161kodi\u0165.<\/p>\n<p><b>Viz\u00e1\u017e pre \u00fa\u010dastn\u00edkov SuperStar, jej moder\u00e1torov i porotu zabezpe\u010duje firma Avon. Je nejak\u00fd ich produkt, ktor\u00fd bude\u0161 r\u00e1d pou\u017e\u00edva\u0165 aj po skon\u010den\u00ed s\u00fa\u0165a\u017ee? <\/b><br \/>\nA nielen po skon\u010den\u00ed. Je tomu tak u\u017e aj teraz. Prv\u00e9 \u010do ma mask\u00e9rky nau\u010dili, je pou\u017e\u00edvanie pr\u00edpravkov proti kruhom pod o\u010dami &#8211; ani som netu\u0161il \u017ee to je tak\u00e9 jednoduch\u00e9, sta\u010d\u00ed pou\u017ei\u0165 Prisp\u00f4sobiv\u00fd tekut\u00fd korektor Avon Color a v\u00fdsledok je dokonal\u00fd. Pochva\u013eujem si aj Spev\u0148uj\u00faci g\u00e9l na brucho pre mu\u017eov zna\u010dky For Men. Ke\u010f \u010dlovek cvi\u010d\u00ed, tak\u00e9to veci pote\u0161ia. A takisto telov\u00e9 \u201emaslo\u201c teda kr\u00e9m s olivov\u00fdm olejom Planet Spa \u010di \u0161amp\u00f3ny Advance Techniques od Avonu patria medzi pr\u00edpravky, ktor\u00e9 budem celkom ur\u010dite pou\u017e\u00edva\u0165 aj po skon\u010den\u00ed s\u00fa\u0165a\u017ee.<\/p>\n<p><b>Vie\u0161 si predstavi\u0165 in\u00fa partnerku na moderovanie SuperStar ako Adelu? Neuva\u017eovali ste s Adelou o tom, \u017ee by ste moder\u00e1torsk\u00fd tandem preniesli i do r\u00e1dia? <\/b><br \/>\nTeoreticky si viem predstavi\u0165, \u017ee by som moderoval s t\u00fdm, koho by mi na za\u010diatku predstavili ako kolegy\u0148u. Na\u0161\u0165astie to bola Adela. P\u00f4vodne mala po kastingu robi\u0165 s Brunom nie\u010do na sp\u00f4sob magaz\u00ednu a ja som netu\u0161il kto bude robi\u0165 so mnou. V r\u00e1diu sme spolu nikdy nemoderovali. Je to t\u00fdm, \u017ee Adela rob\u00ed v hlavnom vysielacom \u010dase bloky, ktor\u00e9 s\u00fa zameran\u00e9 na \u0161irok\u00fa vrstvu posluch\u00e1\u010dov. Ja som sa v\u017edy venoval iba hudobne orientovan\u00fdm rel\u00e1ci\u00e1m, vysielan\u00fdm vo ve\u010dern\u00fdch hodin\u00e1ch. Z poz\u00edcie r\u00e1diov\u00e9ho trhu som teda menej pou\u017eite\u013en\u00fd, vysielam pre men\u0161inu, ktor\u00e1 \u010dak\u00e1 \u010do najnov\u0161iu a len hudobn\u00fa inform\u00e1ciu. Aj preto budem u\u017e \u010doskoro rok bez vysielania, ale in\u00e1 pr\u00e1ca \u010di rel\u00e1cie v r\u00e1diu ma naozaj nel\u00e1kaj\u00fa. Lep\u0161ie sa mi v dobrom spom\u00edna na star\u00e9 \u010dasy, ako z\u00fafalo lamentuje nad pr\u00e1cou, ktor\u00e1 by ma nenap\u013a\u0148ala.<\/p>\n<p><b>&gt;Napriek dlh\u00fdm rokom vo Fun r\u00e1diu ti celoslovensk\u00fa popularitu priniesla a\u017e SuperStar. Nepl\u00e1nuje\u0161 vymeni\u0165 rozhlasov\u00fd \u00e9ter za telev\u00edznu obrazovku?<\/b><br \/>\nVe\u010f to som u\u017e urobil. Cel\u00fd \u010das som sa br\u00e1nil tomu, aby som v r\u00e1diu vysielal v primetime, teda po\u010das d\u0148a. V telke sa to stalo. A napriek tomu, \u017ee v r\u00e1diu u\u017e prakticky v\u00f4bec nevysielam, m\u00e1m ho st\u00e1le rad\u0161ej ako telev\u00edziu. Ve\u010dern\u00fd, \u010di no\u010dn\u00fd program, ktor\u00fd je o hudbe &#8211; v tom vid\u00edm svoju bud\u00facnos\u0165. Nie v\u0161ak s podmienkou, \u017ee mus\u00edm potom tri dni pred niektor\u00fdm nadriaden\u00fdm obhajova\u0165 svoj hudobn\u00fd v\u00fdber a dramaturgiu.<\/p>\n<p><b>Je o tebe zn\u00e1me, \u017ee ako absolvent hotelovej akad\u00e9mie v\u00fdborne var\u00ed\u0161 a \u017ee neje\u0161 m\u00e4so. Varil si dokonca aj v programe STV menu. Je mo\u017en\u00e9, \u017ee sa v bud\u00facnosti do\u010dk\u00e1me aj tvojej vlastnej re\u0161taur\u00e1cie? <\/b><br \/>\nTo je sk\u00f4r ot\u00e1zka pe\u0148az\u00ed a podnikate\u013esk\u00fdch z\u00e1merov. Zatia\u013e neviem, teoreticky \u00e1no. Mo\u017eno by som varil aj pred kamerou.<\/p>\n","protected":false},"excerpt":{"rendered":"<p>Trin\u00e1sty rok pracuje v r\u00e1diu, tri roky varil v STV, miluje cestovanie&#8230; a v s\u00fa\u010dasnosti sprev\u00e1dza div\u00e1kov verejnopr\u00e1vnej Jednotky pri h\u013eadan\u00ed SuperStar \u2013 Martin \u201ePyco\u201c Rausch. Dva roky si v SuperStar &#8211; to je mno\u017estvo sk\u00fasenost\u00ed, medializ\u00e1cie, fanyniek, popularity, ale aj neprajn\u00edkov a strata s\u00fakromia. \u010co z toho, \u010do ti t\u00e1to spev\u00e1cka s\u00fa\u0165a\u017e priniesla si [&hellip;]<\/p>\n","protected":false},"author":1,"featured_media":0,"parent":0,"menu_order":0,"comment_status":"open","ping_status":"open","template":"","meta":{"footnotes":""},"class_list":["post-293","page","type-page","status-publish","hentry"],"_links":{"self":[{"href":"http:\/\/martin-pyco-rausch-fans.sk\/index.php?rest_route=\/wp\/v2\/pages\/293","targetHints":{"allow":["GET"]}}],"collection":[{"href":"http:\/\/martin-pyco-rausch-fans.sk\/index.php?rest_route=\/wp\/v2\/pages"}],"about":[{"href":"http:\/\/martin-pyco-rausch-fans.sk\/index.php?rest_route=\/wp\/v2\/types\/page"}],"author":[{"embeddable":true,"href":"http:\/\/martin-pyco-rausch-fans.sk\/index.php?rest_route=\/wp\/v2\/users\/1"}],"replies":[{"embeddable":true,"href":"http:\/\/martin-pyco-rausch-fans.sk\/index.php?rest_route=%2Fwp%2Fv2%2Fcomments&post=293"}],"version-history":[{"count":5,"href":"http:\/\/martin-pyco-rausch-fans.sk\/index.php?rest_route=\/wp\/v2\/pages\/293\/revisions"}],"predecessor-version":[{"id":2016,"href":"http:\/\/martin-pyco-rausch-fans.sk\/index.php?rest_route=\/wp\/v2\/pages\/293\/revisions\/2016"}],"wp:attachment":[{"href":"http:\/\/martin-pyco-rausch-fans.sk\/index.php?rest_route=%2Fwp%2Fv2%2Fmedia&parent=293"}],"curies":[{"name":"wp","href":"https:\/\/api.w.org\/{rel}","templated":true}]}}