{"id":297,"date":"2014-10-18T02:25:07","date_gmt":"2014-10-18T00:25:07","guid":{"rendered":"http:\/\/www.martin-pyco-rausch-fans.sk\/wordpress\/?page_id=297"},"modified":"2015-02-09T00:53:14","modified_gmt":"2015-02-08T22:53:14","slug":"stracam-kamaratov","status":"publish","type":"page","link":"http:\/\/martin-pyco-rausch-fans.sk\/?page_id=297","title":{"rendered":"&#8222;Str\u00e1cam kamar\u00e1tov&#8220;"},"content":{"rendered":"<div class = \"alert alert-info \">Zdroj:\u00a0tvtip.sk<br \/>\nD\u00e1tum: okt\u00f3ber 2006<\/div>\n<p>Po\u010das o\u0161ia\u013eu SuperStar mu vyvol\u00e1vali zamilovan\u00e9 fan\u00fa\u0161i\u010dky, teraz sa k nim mo\u017eno pridaj\u00fa ich mamy. Martin Pyco Rausch (29) je op\u00e4\u0165 na obrazovke a imid\u017e eleg\u00e1na mu sekne.<\/p>\n<p><b>Po dlh\u0161om obdob\u00ed ni\u010dnerobenia si op\u00e4\u0165 v pracovnom koloto\u010di. Si u\u017e stopercentne v \u201etelev\u00edznej forme\u201c? <\/b><br \/>\nPred \u0161tartom nie\u010doho nov\u00e9ho, pred ka\u017edou premi\u00e9rou m\u00e1vam tr\u00e9mu. Ani teraz to nebolo inak. Som nerv\u00f3zny, k\u00fdm sa projekt rozbehne a dostane do ak\u00e9hosi zdrav\u00e9ho stereotypu. Ke\u010f sa v\u0161ak udom\u00e1cnim, za\u010d\u00ednam si tento zdrav\u00fd stereotyp spestrova\u0165, napr\u00edklad aj improviz\u00e1ciou, vtedy som pokojnej\u0161\u00ed a aj kreat\u00edvnej\u0161\u00ed. Potrebuje to len \u010das.<br \/>\n<b><br \/>\nJe va\u0161a vz\u00e1jomn\u00e1 spolupr\u00e1ca s Adelou aj po dlh\u0161ej prest\u00e1vke bezprobl\u00e9mov\u00e1? Nepotrebujete sa nanovo zohr\u00e1va\u0165?<\/b><br \/>\nNa\u0161e moderovanie zvykn\u00fa naz\u00fdva\u0165 harmonick\u00e9. Asi to bude preto, \u017ee sa od za\u010diatku vz\u00e1jomne dobre dop\u013a\u0148ame. Napr\u00edklad, ja m\u00e1m v\u00e4\u010d\u0161\u00ed zmysel pre poriadok, vn\u00fatorne dodr\u017eiavam nejak\u00e9 vopred stanoven\u00e9 pokyny, Adela je skvel\u00e1 improviz\u00e1torka. Som tak\u00fd robot\u00edk, ktor\u00fd vie, \u010do treba spravi\u0165, a Adela to vypln\u00ed \u201e\u0161perkmi\u201c, ktor\u00e9 to cel\u00e9 dostan\u00fa do pr\u00edjemnej nen\u00fatenej roviny. Na\u0161e mal\u00e9 tane\u010dn\u00e9 kre\u00e1cie si v\u0161ak pre istotu nacvi\u010d\u00edme v z\u00e1kulis\u00ed.<\/p>\n<p><b>Po moderovan\u00ed spev\u00e1ckej s\u00fa\u0165a\u017ee si sa dostal do tane\u010dnej s\u00fa\u0165a\u017ee. Ak\u00e9 s\u00fa tvoje prv\u00e9 dojmy?<\/b><br \/>\nD\u00fafam, \u017ee Let\u2019s Dance bude ma\u0165 u div\u00e1kov \u00faspech aj v\u010faka s\u00fa\u0165a\u017eiacim, ktor\u00fdch v tane\u010dnej podobe e\u0161te nepozn\u00e1me. Tancovanie je n\u00e1m ka\u017ed\u00e9mu vlastn\u00e9, je to ve\u013emi efektn\u00e1 a pr\u00edjemn\u00e1 z\u00e1le\u017eitos\u0165. Aj ke\u010f ja spolo\u010densk\u00e9 tance v\u00f4bec neovl\u00e1dam, a ani som sa o ne doposia\u013e nezauj\u00edmal, l\u00e1ka ma vidie\u0165 tanec zbl\u00edzka.<\/p>\n<p><b>\u00c9ra SuperStar, \u00e9ra r\u00e1dia<\/b><\/p>\n<p>Po skon\u010den\u00ed SuperStar si sa akoby stiahol. Je to z\u00e1mer, aby sa \u0165a div\u00e1ci nepres\u00fdtili, alebo ti popularita a\u017e tak nere\u017ee?<br \/>\nPopularita pri\u0161la s ve\u013ek\u00fdm projektom, a ke\u010f sa skon\u010dil, sna\u017eil som sa dosta\u0165 do norm\u00e1lu. S\u0165ahujem sa z pozornosti m\u00e9di\u00ed tak, \u017ee sa neobjavujem na spolo\u010densk\u00fdch akci\u00e1ch, a ke\u010f\u017ee sa nezvyknem promen\u00e1dova\u0165, nie som potom ve\u013emi na o\u010diach (smiech). V okamihu, ke\u010f sa v\u0161ak op\u00e4\u0165 st\u00e1vam s\u00fa\u010das\u0165ou nov\u00e9ho projektu, je to in\u00e9. Vtedy to vn\u00edmam ako svoju moder\u00e1torsk\u00fa povinnos\u0165.<\/p>\n<p><b>Si s niektor\u00fdmi finalistami prvej \u010di druhej s\u00e9rie SuperStar v kontakte?<\/b><br \/>\nZ druhej s\u00e9rie s M\u00e1riou Bundovou, preto\u017ee si celkom dobre rozumieme. Te\u0161\u00edm sa na jej album, zaujala ma aj bez titulu SuperStar. Z prvej s\u00e9rie je to Katka Ko\u0161\u010dov\u00e1, aj ke\u010f sa nevid\u00edme \u010dasto. Je mi \u013e\u00fato, \u017ee jej album ostal nepov\u0161imnut\u00fd a ozna\u010dili ho za priemern\u00fd \u010di menej vydaren\u00fd. Katka bola tro\u0161ku \u201eudupan\u00e1\u201c, ale ver\u00edm, \u017ee jej n\u00e1lepka SuperStar po \u010dase opadne. Ke\u010f aj dnes po\u010d\u00favam Katkin album, m\u00e1m z neho ve\u013emi dobr\u00fd pocit, tak\u017ee pr\u00edpadn\u00e9 \u010fal\u0161ie bud\u00fa len lep\u0161ie. A e\u0161te sa stret\u00e1vam so Zdenkou Prednou. V\u017edy sa pote\u0161\u00edm, ke\u010f sme spolu na nejakej akcii.<\/p>\n<p><b>Po\u010das prvej SuperStar si odi\u0161iel z r\u00e1dia, nech\u00fdba ti?<\/b><br \/>\nPosledn\u00e9 dva roky je moj\u00edm r\u00e1diom MP3 prehr\u00e1va\u010d, kde si vyberiem pesni\u010dky a albumy, ktor\u00e9 sa mi p\u00e1\u010dia (smiech).<\/p>\n<p><b>Mysl\u00edm moderovanie, kontakt s posluch\u00e1\u010dmi v \u00e9teri&#8230;<\/b><br \/>\n\u010co sa t\u00fdka mojej pr\u00e1ce v r\u00e1diu, m\u00e1m pocit, \u017ee slovensk\u00fd trh sa pos\u00fava smerom k stredn\u00e9mu pr\u00fadu. To znamen\u00e1, \u017ee cie\u013eom je z\u00edska\u0165 \u010do najvy\u0161\u0161ie \u010d\u00edsla v po\u010d\u00favanosti, preto tu u\u017e nie je priestor pre redaktora, ktor\u00fd by chcel ma\u0165 \u0161pecializovan\u00fa rel\u00e1ciu o hudbe bez toho, aby musel hra\u0165 ur\u010dit\u00e9 veci, ktor\u00e9 mu odporu\u010d\u00ed r\u00e1dio. Preto som sa rozhodol robi\u0165 telev\u00edznu pr\u00e1cu, ktor\u00e1 ma navy\u0161e na rozdiel od r\u00e1dia u\u017eiv\u00ed. St\u00e1le sa v\u0161ak hudbe venujem, nakupujem si tak\u00fa, ktor\u00fa m\u00e1m r\u00e1d, a sna\u017e\u00edm sa zosta\u0165 v obraze.<\/p>\n<p><b>M\u00e1\u0161 tajn\u00e9 moder\u00e1torsk\u00e9 amb\u00edcie?<\/b><br \/>\nSt\u00e1le opakujem, \u017ee sa nepova\u017eujem za moder\u00e1tora, m\u00e1m pred t\u00fdmto slovom re\u0161pekt. Nem\u00e1m pocit, \u017ee chcem robi\u0165 nie\u010do, v \u010dom nie som doma, len preto, aby som bol \u010do najviac v kurze. Nec\u00edtil by som sa dobre, preto beriem zhruba ka\u017ed\u00fa piatu ponuku. Navy\u0161e si mysl\u00edm, \u017ee moja \u017eivotnos\u0165 v kateg\u00f3rii moder\u00e1tor je len do\u010dasn\u00e1. Te\u0161\u00edm sa, \u017ee je o m\u0148a st\u00e1le z\u00e1ujem, a ak to potrv\u00e1 aj \u010fal\u0161\u00ed rok, budem len r\u00e1d.<\/p>\n<p><b>Net\u00fa\u017ei\u0161 po moderovan\u00ed hudobnej hitpar\u00e1dy, ke\u010f\u017ee si v hudbe doma?<\/b><br \/>\nPred za\u010diatkom letn\u00fdch pr\u00e1zdnin som dostal tri ponuky z ka\u017edej telev\u00edzie, ale odmietol som ich. M\u00e1m dvadsa\u0165dev\u00e4\u0165 rokov, tak\u017ee by som sa u\u017e asi nevc\u00edtil do ko\u017ee respondentov rel\u00e1ci\u00ed tohto typu. Keby mi to pon\u00fakli pred desiatimi rokmi, bral by som to hne\u010f.<\/p>\n<p><b>Poh\u013ead do s\u00fakromia<\/b><\/p>\n<p><b>Ned\u00e1vno si osl\u00e1vil dvadsa\u0165dev\u00e4\u0165 rokov, tridsiatka sa bl\u00ed\u017ei. Tvoje pocity?<\/b><br \/>\nPre m\u0148a s\u00fa narodeniny asi jedin\u00fd sviatok v roku, ktor\u00fd si naozaj uvedomujem a vn\u00edmam ho osobne. V tento de\u0148 sa zob\u00fadzam inak (smiech). Ale naozaj. Som citlivej\u0161\u00ed, narodeniny pre\u017e\u00edvam vn\u00fatorne. Je v tom tro\u0161ku melanch\u00f3lie, ale neberiem to tragicky. Ani rok pred symbolickou tridsiatkou.<\/p>\n<p><b>Zam\u00fd\u0161\u013ea\u0161 sa nad zmyslom \u017eivota?<\/b><br \/>\nD\u00e1 sa poveda\u0165, \u017ee \u00e1no. Ke\u010f \u010dlovek dok\u00e1\u017ee by\u0165 \u0161\u0165astn\u00fd alebo chce niekoho spravi\u0165 \u0161\u0165astn\u00fdm, tak sa \u0161\u0165astn\u00fdm stane. Ale tento tro\u0161ku zlo\u017eit\u00fd proces by si nemal uvedomova\u0165 predt\u00fdm, sk\u00f4r potom. Vtedy je intenz\u00edvnej\u0161\u00ed. Neviem, \u010do by som chcel v \u017eivote \u010falej robi\u0165, \u010do pr\u00edde po moderovan\u00ed, o rok, o dva. Mo\u017eno by to malo by\u0165 nie\u010do, \u010do ma bude nap\u013a\u0148a\u0165, pri \u010dom za sebou nie\u010do zanech\u00e1m. Nemysl\u00edm len deti, ale sk\u00f4r nevy\u010d\u00edslite\u013en\u00e9 hodnoty.<\/p>\n<p><b>Koho chce\u0161 spravi\u0165 \u0161\u0165astn\u00fdm v s\u00fa\u010dasnosti?<\/b><br \/>\nMyslel som to v\u0161eobecne (smiech). \u013dudia sa niekedy potrebuj\u00fa rozpr\u00e1va\u0165, inokedy by\u0165 po\u010dut\u00ed. Ke\u010f ti na niekom z\u00e1le\u017e\u00ed, tak nerozm\u00fd\u0161\u013ea\u0161, ale sna\u017e\u00ed\u0161 sa ho robi\u0165 \u0161\u0165astn\u00fdm. Hodnotu \u017eivota vid\u00edm aj v priate\u013estv\u00e1ch.<\/p>\n<p><b>A \u010do rodina? Ako si predstavuje\u0161 svoju bud\u00facnos\u0165 v tomto smere?<\/b><br \/>\n\u0164a\u017ek\u00e1 ot\u00e1zka. Neviem, osud si zo z\u00e1sady nepl\u00e1nujem, sk\u00f4r beriem \u017eivot tak, \u017ee d\u00e1va \u0161ance. Ktor\u00fa vyu\u017eije\u0161, t\u00e1 m\u00f4\u017ee zmeni\u0165 tvoje \u010fal\u0161ie kroky. Ak si nezalo\u017e\u00edm rodinu do \u0161tyridsiatky, m\u00e1m v\u00e4\u010d\u0161\u00ed d\u00f4vod na pla\u010d, ne\u017e ke\u010f si ju zalo\u017e\u00edm zajtra a o tri roky to budem \u013eutova\u0165? Je to dilema. Ke\u010f budem ma\u0165 pocit, \u017ee sa chcem o\u017eeni\u0165 a ma\u0165 deti, tak to urob\u00edm. Moment\u00e1lne nie som v tom \u0161t\u00e1diu.<\/p>\n<p><b>Tvoje s\u00fakromie je zvy\u010dajne tabu, najprijate\u013enej\u0161ou t\u00e9mou je pre teba cestovanie, Gr\u00e9cko&#8230; Ale tu sa u\u017e azda ned\u00e1 ni\u010d nov\u00e9 poveda\u0165&#8230;<\/b><br \/>\nM\u00e1m r\u00e1d Gr\u00e9cko, ale nem\u00f4\u017eem poveda\u0165, \u017ee by bolo moj\u00edm najob\u013e\u00fabenej\u0161\u00edm miestom. Vlastne ani nem\u00e1m cestovate\u013esk\u00fa jednotku. \u010c\u00edm viac \u010dlovek objav\u00ed, t\u00fdm viac pochybuje, ktor\u00e9 miesto je naj. Keby som mal mo\u017enos\u0165 vo v\u0161etk\u00fdch krajin\u00e1ch \u017ei\u0165 nieko\u013eko rokov, potom by som si dovolil posudzova\u0165. Ide aj o pocit. Niekde, napr\u00edklad v Nemecku, sa v\u00f4bec nec\u00edtim ako cudzinec, \u010do sa, naopak, o Franc\u00fazsku poveda\u0165 ned\u00e1. V At\u00e9nach som dovolenkuj\u00faci \u201eskoro\u201c cudzinec, ale napr\u00edklad v Portugalsku sa c\u00edtim ako u susedov v \u010ceskej republike. Niekomu sta\u010d\u00ed by\u0165 na dovolenke dva t\u00fd\u017edne a u\u017e mu ch\u00fdba dom\u00e1ca pohoda. Ja som in\u00fd typ dovolenk\u00e1ra. Aj tento rok som precestoval viacero miest, nav\u0161t\u00edvil som nieko\u013ek\u00fdch zn\u00e1mych. Ke\u010f sa potom vraciam domov, te\u0161\u00edm sa preto, \u017ee som tu dlho nebol, ale aj z opravenej cesty \u010di ukon\u010denia obch\u00e1dzky.<\/p>\n<p><b>Odkia\u013e m\u00e1\u0161 to\u013eko zahrani\u010dn\u00fdch zn\u00e1most\u00ed?<\/b><br \/>\nZn\u00e1mych v Gr\u00e9cku som z\u00edskal cez kamar\u00e1tku, ktor\u00e1 sa tam pred rokmi vydala. \u010eal\u0161ie kontakty m\u00e1m z jazykovej \u0161koly v At\u00e9nach, kam som chodil dve let\u00e1 po sebe. Boli tam \u013eudia z cel\u00e9ho sveta, \u010di\u017ee m\u00e1m kopu zn\u00e1mych, ktor\u00ed sa radi pr\u00eddu pozrie\u0165 na Slovensko a ja sa zase pozriem do ich kraj\u00edn. Za mesiac spolo\u010dn\u00e9ho pobytu u\u017e spozn\u00e1te \u010dloveka do takej miery, \u017ee viete, \u010di s n\u00edm chcete ma\u0165 kontakt na\u010falej, \u010di nebude probl\u00e9m stretn\u00fa\u0165 sa op\u00e4\u0165 i napriek ve\u013ekej geografickej vzdialenosti. Tento rok som bol vo Franc\u00fazsku, ale cestovate\u013esk\u00fdch cie\u013eov m\u00e1m ve\u013ea.<\/p>\n<p><b>Napr\u00edklad?<\/b><br \/>\nJaponsko. Tam by som sa i\u0161iel ve\u013emi r\u00e1d pozrie\u0165, ale zatia\u013e som nenatrafil na \u017eiadneho japonsk\u00e9ho \u0161tudenta, \u010do by \u0161tudoval gr\u00e9\u010dtinu (smiech).<\/p>\n<p><b>Vr\u00e1\u0165me sa domov, k tebe&#8230; <\/b><br \/>\nNeviem, \u010do je na mne nato\u013eko zauj\u00edmav\u00e9, ke\u010f nem\u00e1m ni\u010d nov\u00e9 (smiech). V mojom \u017eivote sa deje akur\u00e1t to, \u017ee ist\u00fd \u010das \u017eijem v r\u00e1mci medializovan\u00e9ho projektu, a ke\u010f sa skon\u010d\u00ed, nie je d\u00f4vod nasilu \u201ezost\u00e1va\u0165 na o\u010diach\u201c, tak sa stiahnem. Ke\u010f ni\u010d nerob\u00edm, naozaj ni\u010d nerob\u00edm, len u\u017e\u00edvam pokojnej\u0161\u00ed \u017eivot. M\u00f4\u017eem sa vyspa\u0165, \u010d\u00edta\u0165, po\u010d\u00fava\u0165 hudbu alebo odcestova\u0165. Ni\u010d in\u00e9 sa mi v s\u00fakrom\u00ed nedeje, skr\u00e1tka, dni plyn\u00fa norm\u00e1lne. Som nudn\u00fd ter\u010d.<\/p>\n<p><b>Nec\u00edti\u0161 sa trochu pod tlakom, ke\u010f\u017ee si popul\u00e1rny a ka\u017ed\u00e9ho zauj\u00edma tvoje s\u00fakromie?<\/b><br \/>\nSt\u00e1le si neuvedomujem, \u017ee som stredobodom pozornosti. Nem\u00f4\u017eem v\u0161ak poskytn\u00fa\u0165 ni\u010d zauj\u00edmav\u00e9. M\u00e1m dvojizbov\u00fd byt, v jednej izbe sp\u00edm, v druhej si navar\u00edm, ob\u010das pozvem partiu kamar\u00e1tov. Znie to divne, ale ke\u010f \u010dlovek \u017eije trochu samot\u00e1rsky, neznamen\u00e1 to, \u017ee je cel\u00fd \u010das s\u00e1m. Neviem, \u010do m\u00e1m poveda\u0165, lebo aj ke\u010f sa medializ\u00e1cii vyh\u00fdbam, stane sa mi, \u017ee napr\u00edklad jedn\u00e9ho d\u0148a si ostrih\u00e1m vlasy a na druh\u00fd de\u0148 sa vid\u00edm v novin\u00e1ch s nadpisom, \u017ee som chor\u00fd. Nechcem pon\u00faka\u0165 s\u00fakromie na t\u00e1cke, ale to neznamen\u00e1, \u017ee si m\u00f4\u017eu nap\u00edsa\u0165, \u010do chc\u00fa.<\/p>\n<p><b>\u013dudia si asi nedok\u00e1\u017eu predstavi\u0165, \u017ee Pyco je nudn\u00fd. Sk\u00f4r tajomn\u00fd. To by ti mohlo lichoti\u0165&#8230;<\/b><br \/>\nNie, ani mi to nedod\u00e1va sebavedomie. Sp\u00e1jaj\u00fa si ma s t\u00fdm, \u010do vidia v telev\u00edzii. P\u00f4sob\u00edm tam spolo\u010densky ve\u013emi akt\u00edvny, pritom tak\u00fd v skuto\u010dnosti nie som. Nem\u00e1m pocit, \u017ee ako moder\u00e1tor m\u00e1m povinnos\u0165 poskytova\u0165 o sebe inform\u00e1cie typu \u2013 ako sa stravujem, ko\u013eko zar\u00e1bam, s k\u00fdm chod\u00edm. Je to moja s\u00fakromn\u00e1 vec. Som si vedom\u00fd, \u017ee moja profesia zah\u0155\u0148a aj medializ\u00e1ciu a publicitu, ale s\u00fakromie do toho nepatr\u00ed. Nie som ani tajomn\u00fd, neviem, pre\u010do sa to hovor\u00ed.<\/p>\n<p>Hovor\u00ed sa v\u0161eli\u010do, napr\u00edklad aj to, \u017ee si homosexu\u00e1l.<br \/>\n<b>Star\u00e1 zn\u00e1ma t\u00e9ma (smiech). Nie som.<\/b><\/p>\n<p><b>Si moment\u00e1lne zamilovan\u00fd?<\/b><br \/>\nNie som. Neviem, pre\u010do sa v\u0161etci chc\u00fa zaobera\u0165 moj\u00edm s\u00fakrom\u00edm. Jedin\u00e9, \u010do t\u00fdm docielili, je, \u017ee m\u00e1m v podstate menej kamar\u00e1tov, ako som mal. Aj ja m\u00e1m chu\u0165 ob\u010das sa prejs\u0165 po ulici bez toho, aby niekto na m\u0148a zazeral: \u201eAha, to je Pyco, a s k\u00fdm je? Je to jeho frajerka?\u201c Som s\u00edce s\u00e1m, ale vyhovuje mi to. Som \u0161\u0165astn\u00fd a \u017eivot mi na\u0161\u0165astie chut\u00ed.<\/p>\n","protected":false},"excerpt":{"rendered":"<p>Po\u010das o\u0161ia\u013eu SuperStar mu vyvol\u00e1vali zamilovan\u00e9 fan\u00fa\u0161i\u010dky, teraz sa k nim mo\u017eno pridaj\u00fa ich mamy. Martin Pyco Rausch (29) je op\u00e4\u0165 na obrazovke a imid\u017e eleg\u00e1na mu sekne. Po dlh\u0161om obdob\u00ed ni\u010dnerobenia si op\u00e4\u0165 v pracovnom koloto\u010di. Si u\u017e stopercentne v \u201etelev\u00edznej forme\u201c? Pred \u0161tartom nie\u010doho nov\u00e9ho, pred ka\u017edou premi\u00e9rou m\u00e1vam tr\u00e9mu. Ani teraz to [&hellip;]<\/p>\n","protected":false},"author":1,"featured_media":0,"parent":0,"menu_order":0,"comment_status":"open","ping_status":"open","template":"","meta":{"footnotes":""},"class_list":["post-297","page","type-page","status-publish","hentry"],"_links":{"self":[{"href":"http:\/\/martin-pyco-rausch-fans.sk\/index.php?rest_route=\/wp\/v2\/pages\/297","targetHints":{"allow":["GET"]}}],"collection":[{"href":"http:\/\/martin-pyco-rausch-fans.sk\/index.php?rest_route=\/wp\/v2\/pages"}],"about":[{"href":"http:\/\/martin-pyco-rausch-fans.sk\/index.php?rest_route=\/wp\/v2\/types\/page"}],"author":[{"embeddable":true,"href":"http:\/\/martin-pyco-rausch-fans.sk\/index.php?rest_route=\/wp\/v2\/users\/1"}],"replies":[{"embeddable":true,"href":"http:\/\/martin-pyco-rausch-fans.sk\/index.php?rest_route=%2Fwp%2Fv2%2Fcomments&post=297"}],"version-history":[{"count":4,"href":"http:\/\/martin-pyco-rausch-fans.sk\/index.php?rest_route=\/wp\/v2\/pages\/297\/revisions"}],"predecessor-version":[{"id":2017,"href":"http:\/\/martin-pyco-rausch-fans.sk\/index.php?rest_route=\/wp\/v2\/pages\/297\/revisions\/2017"}],"wp:attachment":[{"href":"http:\/\/martin-pyco-rausch-fans.sk\/index.php?rest_route=%2Fwp%2Fv2%2Fmedia&parent=297"}],"curies":[{"name":"wp","href":"https:\/\/api.w.org\/{rel}","templated":true}]}}