{"id":30,"date":"2014-10-16T21:51:41","date_gmt":"2014-10-16T19:51:41","guid":{"rendered":"http:\/\/www.martin-pyco-rausch-fans.sk\/wordpress\/?page_id=30"},"modified":"2016-12-28T21:19:51","modified_gmt":"2016-12-28T20:19:51","slug":"martin-pyco","status":"publish","type":"page","link":"http:\/\/martin-pyco-rausch-fans.sk\/?page_id=30","title":{"rendered":"Martin &#038; Pyco"},"content":{"rendered":"<p><b>PYCO<\/b><br \/>\nPyco je postava, ktor\u00fa aktu\u00e1lne hr\u00e1 pri moderovan\u00ed ve\u013ekolep\u00fdch vysokorozpo\u010dtov\u00fdch projektov. Pyco si \u017eije v telev\u00edzii svoj \u017eivot a doma je to Martin Rausch. Pyca doma nerie\u0161i. \u013dudia poznaj\u00fa Pyca, ktor\u00fd im bol od za\u010diatku predstaven\u00fd, ten pre nich st\u00e1le funguje. A skuto\u010dn\u00fd Martin Rausch nem\u00e1 d\u00f4vod by\u0165 doma t\u00fdm ist\u00fdm, \u010d\u00edm je pred kamerou. V civile sa ove\u013ea menej usmieva, menej rozpr\u00e1va, ve\u013ea vec\u00ed ho hnev\u00e1, ale pred kameru to nenos\u00ed. Tak\u017ee Pyco nie je skreslen\u00fd. Vznikol pre r\u00e1dio a telev\u00edziu a je tak\u00fd, ak\u00fd v nich je. Rodina, priatelia a\u00a0\u010doraz viac kolegov ho\u00a0 oslovuj\u00fa len jeho skuto\u010dn\u00fdm menom.\u00a0 Niekedy mu Martin pom\u00e1ha\u00a0 odosobni\u0165 sa od\u00a0Pyca, ktor\u00e9ho \u013eudia poznaj\u00fa z\u00a0obrazovky.<\/p>\n<p><b>Ako vznikla jeho prez\u00fdvka \u201cPYCO\u201d<\/b><br \/>\nKe\u010f pri\u0161iel do r\u00e1dia u\u017e tam bol jeden Martin \u2013 Nikod\u00fdm. Ke\u010f\u017ee sa predstavovali krstn\u00fdm menom, potreboval prez\u00fdvku, aby si ich \u013eudia nem\u00fdlili. Peter Ko\u010di\u0161 to dal ako s\u00fa\u0165a\u017en\u00fa \u00falohu pre posluch\u00e1\u010dov a nakoniec vybral pr\u00e1ve Pyca. Nesk\u00f4r sa to p\u00edsalo dokonca ako Pizzo.<\/p>\n<p><b>PYCINGER<\/b><br \/>\nPyco podst\u00fapil do\u010dasn\u00fa radik\u00e1lnu zmenu imid\u017eu pre telev\u00edzne up\u00fatavky k ude\u013eovaniu hudobn\u00fdch cien Sl\u00e1vik 2011, v ktor\u00fdch \u00fa\u010dinkuje spolu s kolegom Jakubom Pracha\u0159om. Dvojica, ktor\u00e1 je zn\u00e1ma aj z \u00faspe\u0161n\u00e9ho telev\u00edzneho projektu \u010cesko Slovensko m\u00e1 talent. Pycinger a Prach\u00e1r pri\u0161li z Las Vegas, aby odmoderovali galave\u010der Sl\u00e1vik 2011. Z telev\u00edznych spotov, ktor\u00e9 pri tejto pr\u00edle\u017eitosti nakr\u00fatili, sa div\u00e1kom prihov\u00e1raj\u00fa op\u00e4\u0165 svojsk\u00fdm humorom ako hudobn\u00ed producenti Pycinger a Prach\u00e1r.<\/p>\n<p><b>MARTIN<\/b><br \/>\nMimo telev\u00edznej kamery vraj p\u00f4sob\u00ed smutno a bez telev\u00edzneho make-upu m\u00e1 kruhy pod o\u010dami, ktor\u00e9 rast\u00fa priamo \u00famerne s t\u00fdm ako sa vysp\u00ed&#8230; tak\u017ee vyzer\u00e1 smutn\u00fd a unaven\u00fd, paradoxne vtedy, ako hovor\u00ed, je najviac s\u00e1m sebou a je naozaj v pohode.<\/p>\n","protected":false},"excerpt":{"rendered":"<p>PYCO Pyco je postava, ktor\u00fa aktu\u00e1lne hr\u00e1 pri moderovan\u00ed ve\u013ekolep\u00fdch vysokorozpo\u010dtov\u00fdch projektov. Pyco si \u017eije v telev\u00edzii svoj \u017eivot a doma je to Martin Rausch. Pyca doma nerie\u0161i. \u013dudia poznaj\u00fa Pyca, ktor\u00fd im bol od za\u010diatku predstaven\u00fd, ten pre nich st\u00e1le funguje. A skuto\u010dn\u00fd Martin Rausch nem\u00e1 d\u00f4vod by\u0165 doma t\u00fdm ist\u00fdm, \u010d\u00edm je pred [&hellip;]<\/p>\n","protected":false},"author":1,"featured_media":7040,"parent":0,"menu_order":0,"comment_status":"open","ping_status":"open","template":"","meta":{"footnotes":""},"class_list":["post-30","page","type-page","status-publish","has-post-thumbnail","hentry"],"_links":{"self":[{"href":"http:\/\/martin-pyco-rausch-fans.sk\/index.php?rest_route=\/wp\/v2\/pages\/30","targetHints":{"allow":["GET"]}}],"collection":[{"href":"http:\/\/martin-pyco-rausch-fans.sk\/index.php?rest_route=\/wp\/v2\/pages"}],"about":[{"href":"http:\/\/martin-pyco-rausch-fans.sk\/index.php?rest_route=\/wp\/v2\/types\/page"}],"author":[{"embeddable":true,"href":"http:\/\/martin-pyco-rausch-fans.sk\/index.php?rest_route=\/wp\/v2\/users\/1"}],"replies":[{"embeddable":true,"href":"http:\/\/martin-pyco-rausch-fans.sk\/index.php?rest_route=%2Fwp%2Fv2%2Fcomments&post=30"}],"version-history":[{"count":4,"href":"http:\/\/martin-pyco-rausch-fans.sk\/index.php?rest_route=\/wp\/v2\/pages\/30\/revisions"}],"predecessor-version":[{"id":6345,"href":"http:\/\/martin-pyco-rausch-fans.sk\/index.php?rest_route=\/wp\/v2\/pages\/30\/revisions\/6345"}],"wp:featuredmedia":[{"embeddable":true,"href":"http:\/\/martin-pyco-rausch-fans.sk\/index.php?rest_route=\/wp\/v2\/media\/7040"}],"wp:attachment":[{"href":"http:\/\/martin-pyco-rausch-fans.sk\/index.php?rest_route=%2Fwp%2Fv2%2Fmedia&parent=30"}],"curies":[{"name":"wp","href":"https:\/\/api.w.org\/{rel}","templated":true}]}}