{"id":3339,"date":"2015-09-02T17:24:46","date_gmt":"2015-09-02T16:24:46","guid":{"rendered":"http:\/\/www.martin-pyco-rausch-fans.sk\/?page_id=3339"},"modified":"2015-09-02T17:24:46","modified_gmt":"2015-09-02T16:24:46","slug":"rozhovor-pre-plus-jeden-den","status":"publish","type":"page","link":"http:\/\/martin-pyco-rausch-fans.sk\/?page_id=3339","title":{"rendered":"Rozhovor pre Plus jeden de\u0148"},"content":{"rendered":"<p><div class = \"alert alert-info \">Zdroj: <a title=\"pluska.sk\" href=\"http:\/\/www.pluska.sk\/soubiznis\/domaci-soubiznis\/moderator-martin-pyco-rausch-priznava-pracoval-som-aj-zadarmo.html?utm_source=pluska&amp;utm_medium=topbox&amp;utm_campaign=sprava-topbox\" target=\"_blank\">pluska.sk<\/a><br \/>\nD\u00e1tum: 29. august<time class=\"entry-date published\" datetime=\"2014-11-04T22:46:58+00:00\">\u00a02015<\/div><\/time><\/p>\n<p class=\"perex\">Hovor\u00ed sa, \u017ee nikdy nevkro\u010d\u00ed\u0161 dvakr\u00e1t do tej istej rieky, no zd\u00e1 sa, \u017ee moder\u00e1tor Martin Pyco Rausch (37) sa t\u00fdmto heslom neriadi. Spev\u00e1cka \u0161ou SuperStar pred rokmi na\u0161tartovala jeho moder\u00e1torsk\u00fa kari\u00e9ru a teraz sa do nej op\u00e4t vracia. Svoju pr\u00e1cu miluje a boli \u010dasy, ke\u010f ju robil dokonca aj zadarmo.<\/p>\n<p><strong>Ak\u00fd je to pre\u00a0v\u00e1s pocit vr\u00e1ti\u0165 sa znovu do\u00a0\u0161ou, ktor\u00e1 v\u00e1s vy\u0161vihla na\u00a0vrchol?<\/strong><\/p>\n<p>Trochu nostalgick\u00fd, zvl\u00e1\u0161tny, ale mus\u00edm prizna\u0165, \u017ee pr\u00edjemn\u00fd. Jedin\u00fd, s\u00a0k\u00fdm som sa stretol zo\u00a0s\u00fa\u010dasnej zostavy na\u00a0prvej SuperStar, je Pa\u013eo Habera. Tak\u017ee je to celkom nov\u00e1 sk\u00fasenos\u0165 aj pre\u00a0m\u0148a.<\/p>\n<p><strong>Pre\u010do ste sa rozhodli vr\u00e1ti\u0165 k moderovaniu SuperStar?<\/strong><\/p>\n<p>M\u00e1m to \u0161\u0165astie poveda\u0165 si, \u017ee pr\u00e1ca je pre\u00a0m\u0148a z\u00e1bavou. Pre\u0161iel som za jeden\u00e1s\u0165 rokov tromi telev\u00edziami. Zo \u017eiadnej som neodi\u0161iel dramaticky, ale slu\u0161ne s\u00a0po\u010fakovan\u00edm cez otvoren\u00e9 dvere, preto\u017ee v\u00a0ka\u017edej som len do\u010dasne moderoval \u010dasovo jasne vymedzen\u00fd projekt. Pote\u0161ilo ma, \u017ee Mark\u00edza ma aj po to\u013ek\u00fdch rokoch oslovila. A ponuka na\u00a0SuperStar pri\u0161la vo\u00a0chv\u00edli, ke\u010f som intenz\u00edvne uva\u017eoval, \u010di nepotrebujem zmenu.<\/p>\n<p><strong>Ako dlho ste ponuku zva\u017eovali?<\/strong><\/p>\n<p>Viac ako dva mesiace.<\/p>\n<p><strong>Je pre\u00a0v\u00e1s prioritou v\u00fd\u0161ka honor\u00e1ru?<\/strong><\/p>\n<p>Nie je prioritou, ale ur\u010dite to nie je ani nepodstatn\u00e1 s\u00fa\u010das\u0165 zmluvy. Ak n\u00e1m pon\u00fakaj\u00fa pr\u00e1cu, v\u0161etci predsa asi chceme vedie\u0165, za ko\u013eko. To je celkom prirodzen\u00e9.<\/p>\n<p><strong>Na ktorom mieste v\u00a0rebr\u00ed\u010dku va\u0161ich hodn\u00f4t s\u00fa peniaze?<\/strong><\/p>\n<p>Nem\u00e1m rebr\u00ed\u010dek hodn\u00f4t, v\u00a0ktorom s\u00fa peniaze. V\u017edy bolo pre\u00a0m\u0148a d\u00f4le\u017eit\u00e9 ur\u010di\u0165 si dosiahnute\u013en\u00fd \u017eivotn\u00fd \u0161t\u00fdl a\u00a0nechcie\u0165 viac. Mysl\u00edm, \u017ee nem\u00e1m vysok\u00e9 n\u00e1roky a\u00a0milujem odpo\u010dinok. Pracoval som od\u00a0p\u00e4tn\u00e1stich rokov a\u00a0dlho zadarmo, z\u00a0nad\u0161enia. Ako dvadsa\u0165ro\u010dn\u00fd som pracoval v\u00a0r\u00e1diu sedem dn\u00ed v\u00a0t\u00fd\u017edni, preto\u017ee som to chcel. A ako tridsiatnik viem, \u017ee sa chcem vyhn\u00fa\u0165 diagn\u00f3ze \u201eprepracovan\u00fd a\u00a0vyhoren\u00fd\u201c. A tak s\u00fa obdobia, ke\u010f nepracujem a\u00a0nezar\u00e1bam. Vy novin\u00e1ri tomu s\u00a0ob\u013eubou hovor\u00edte \u201estratil sa z\u00a0obrazovky\u201c. (\u00fasmev)<\/p>\n<p><strong>Moderovali ste reality \u0161ou s\u00e1m aj vo\u00a0dvojici. \u010co je pre\u00a0v\u00e1s lep\u0161ie?<\/strong><\/p>\n<p>Je to o\u00a0nastaven\u00ed rel\u00e1cie a\u00a0o ch\u00e9mii. Ke\u010f viete od\u00a0za\u010diatku, \u017ee ste s\u00e1m, m\u00e1te celkom in\u00fd priestor na\u00a0komunik\u00e1ciu. Moderovanie vo\u00a0dvojici je z\u00e1\u017eitok, ktor\u00fd s\u00a0niek\u00fdm zdie\u013eate zo\u00a0v\u0161etk\u00fdch str\u00e1nok. Na druhej strane, ak ste s\u00f3lo, nast\u00e1va viac interakci\u00ed s\u00a0\u00fa\u010dinkuj\u00facimi \u010di porotou. Na p\u00f3diu aj v\u00a0z\u00e1kulis\u00ed.<\/p>\n<p><strong>Prv\u00fdkr\u00e1t nebude v\u00a0SuperStar moder\u00e1torsk\u00e1 dvojica. Nebude v\u00e1m ch\u00fdba\u0165 partner na\u00a0javisku?<\/strong><\/p>\n<p>Tak to e\u0161te neviem. Sp\u00fdtajte sa ma, ke\u010f sa presunieme aspo\u0148 do\u00a0semifin\u00e1le. V kastingov\u00fdch \u010dastiach sme s\u00a0re\u017eis\u00e9rom Pepem Majesk\u00fdm vytvorili trochu in\u00fd interakt\u00edvny priestor pre\u00a0moder\u00e1tora, ako bolo doposia\u013e zvykom. Na mobil som v\u00a0z\u00e1kulis\u00ed nakr\u00facal kr\u00e1tke vide\u00e1 napr\u00edklad s\u00a0porotcami po\u010das pauzy. Mus\u00edm poveda\u0165, \u017ee ma to bavilo, \u010dasto z\u00a0toho vzi\u0161li vtipn\u00e9 momenty. Moder\u00e1tor v\u00a0plnom nasaden\u00ed z\u00a0m\u00f4jho poh\u013eadu v\u0161ak nast\u00fapi a\u017e v\u00a0druhej tretine SuperStar.<\/p>\n<p><strong>\u010cakaj\u00fa v\u00e1s aj \u017eiv\u00e9 prenosy. M\u00e1te pred nimi nejak\u00e9 ritu\u00e1ly alebo rozcvi\u010dku?<\/strong><\/p>\n<p>Ani nie, najd\u00f4le\u017eitej\u0161ie je by\u0165 v\u00a0pohode.<\/p>\n<p><strong>Ako sa to rob\u00ed?<\/strong><\/p>\n<p>Neviem. Sk\u00fa\u0161am. Chcem moderova\u0165 programy, ktor\u00e9 by som aj s\u00e1m doma pozeral bez toho, aby som na\u00a0moder\u00e1tora \u201epindal\u201c pri jeden\u00ed pukancov. Tak azda nikomu nezabehne.<\/p>\n<p><strong>M\u00e1vate ob\u010das tr\u00e9mu alebo za tie roky \u00faplne zmizla?<\/strong><\/p>\n<p>Nevol\u00e1m to tr\u00e9ma, ale zodpovednos\u0165. Tr\u00e9ma je nie\u010do negat\u00edvne, \u010do brzd\u00ed a\u00a0nikam nepos\u00fava. Zodpovednos\u0165 je nie\u010do, v\u00a0\u010dom sa d\u00e1 zlep\u0161ova\u0165.<\/p>\n<p><strong>Net\u00fa\u017eite si niekedy sadn\u00fa\u0165 aj do\u00a0porotcovsk\u00e9ho kresla?<\/strong><\/p>\n<p>V ka\u017edej s\u00fa\u0165a\u017ei som si do\u00a0tak\u00e9ho kresla neraz sadol. Mimo kamier. Je to zvl\u00e1\u0161tny pocit. Nehovor\u00edm, \u017ee nikdy to neurob\u00edm. Ale st\u00e1le m\u00e1m pocit, \u017ee m\u00f4\u017eem zbiera\u0165 sk\u00fasenosti a\u00a0roky, ne\u017e sa tak rozhodnem. Ak v\u00f4bec. Z porotcovsk\u00e9ho kresla \u00eds\u0165 sp\u00e4\u0165 k moderovaniu by asi nebola ide\u00e1lna cesta.<\/p>\n<p><strong>Viete spieva\u0165?<\/strong><\/p>\n<p>Asi neviem, ale spievam hlavne v\u00a0aute a\u00a0pri varen\u00ed.<\/p>\n<p><strong>Ak by ste neboli zn\u00e1ma osobnos\u0165, dali by ste sa nahovori\u0165 na\u00a0\u00fa\u010das\u0165 v\u00a0reality \u0161ou?<\/strong><\/p>\n<p>Dodnes celkom nerozumiem, pre\u010do sa spev\u00e1ckej a\u00a0talentovej s\u00fa\u0165a\u017ei hovor\u00ed reality \u0161ou. Vn\u00edmam ich ako talentov\u00e9 rel\u00e1cie, ktor\u00e9 predsa nem\u00f4\u017eu by\u0165 v\u00a0jednom vreci s\u00a0kontajnerov\u00fdmi \u0161ou. Do kontajnerovky by som ne\u0161iel a\u00a0v talentov\u00fdch s\u00fa\u0165a\u017eiach nem\u00e1m \u010do ukazova\u0165. Asi preto ich moderujem. (smiech)<\/p>\n<p><strong>Ste sympatick\u00fd a\u00a0popul\u00e1rny. Stalo sa v\u00e1m v\u00a0SuperStar, \u017ee sa v\u00e1s nejak\u00e1 s\u00fa\u0165a\u017eiaca pok\u00fa\u0161ala zbali\u0165?<\/strong><\/p>\n<p>Mysl\u00edm, \u017ee nie.<\/p>\n<p><strong>Va\u0161ou v\u00e1\u0161\u0148ou je varenie. Don\u00fatil v\u00e1s k tomu fakt, \u017ee doma nem\u00e1te gazdin\u00fa?<\/strong><\/p>\n<p>Var\u00edm u\u017e viac ako 20 rokov, varil som aj v\u00a0\u010dase, ke\u010f som sa mame mie\u0161al do\u00a0hrncov. Varenie je moje hobby.<\/p>\n<p><strong>Vo va\u0161ich knih\u00e1ch preferujete zdrav\u00e9 recepty. Dodr\u017eujete aj zdrav\u00fd \u017eivotn\u00fd \u0161t\u00fdl?<\/strong><\/p>\n<p>Akosi st\u00e1le neviem, \u010do to presne je, preto\u017ee po svete chod\u00ed \u010doraz viac expertov hl\u00e1saj\u00facich vlastn\u00e9, neraz protichodn\u00e9 te\u00f3rie. Sna\u017e\u00edm sa \u017ei\u0165 zdravo, ale nec\u00edtim sa schopn\u00fd posudzova\u0165 to glob\u00e1lne. Ka\u017ed\u00fd by mal po\u010d\u00fava\u0165 svoje telo. Alebo potom lek\u00e1ra.<\/p>\n<p><strong>Dop\u00fa\u0161\u0165ate sa aj nejak\u00fdch prehre\u0161kov?<\/strong><\/p>\n<p>Doprajem si to, \u010do mi chut\u00ed. Na\u0161\u0165astie mi ve\u013emi chut\u00ed to, \u010do mnoh\u00ed naz\u00fdvaj\u00fa zdrav\u00fdmi potravinami. V tom tkvie asi moja \u0161\u0165astn\u00e1 vo\u013eba.<\/p>\n<p><strong>Vymenujte tri veci, bez ktor\u00fdch neviete pre\u017ei\u0165 de\u0148?<\/strong><\/p>\n<p>Voda. Vzduch. Sp\u00e1nok.<\/p>\n<p><strong>Na z\u00e1ver n\u00e1m prezra\u010fte, na\u00a0\u010do sa v\u00a0SuperStar te\u0161\u00edte najviac?<\/strong><\/p>\n<p>Na pocit, \u017ee zdie\u013eate \u010das, priestor, rados\u0165 aj sm\u00fatok s\u00a0mlad\u00fdmi \u013eu\u010fmi, ktor\u00ed id\u00fa za svoj\u00edm snom alebo sa aspo\u0148 rozhodli k nemu pribl\u00ed\u017ei\u0165. A v\u0161etci si v\u00a0ist\u00fdch em\u00f3ci\u00e1ch vieme premietnu\u0165 aj tie vlastn\u00e9, minul\u00e9, bud\u00face \u010di nenaplnen\u00e9 pr\u00edbehy. Je to ako sledovanie filmu, ktor\u00fd v\u00e1s zaujal.<\/p>\n","protected":false},"excerpt":{"rendered":"<p>Hovor\u00ed sa, \u017ee nikdy nevkro\u010d\u00ed\u0161 dvakr\u00e1t do tej istej rieky, no zd\u00e1 sa, \u017ee moder\u00e1tor Martin Pyco Rausch (37) sa t\u00fdmto heslom neriadi. Spev\u00e1cka \u0161ou SuperStar pred rokmi na\u0161tartovala jeho moder\u00e1torsk\u00fa kari\u00e9ru a teraz sa do nej op\u00e4t vracia. Svoju pr\u00e1cu miluje a boli \u010dasy, ke\u010f ju robil dokonca aj zadarmo. Ak\u00fd je to pre\u00a0v\u00e1s [&hellip;]<\/p>\n","protected":false},"author":1,"featured_media":3229,"parent":0,"menu_order":0,"comment_status":"open","ping_status":"closed","template":"","meta":{"footnotes":""},"class_list":["post-3339","page","type-page","status-publish","has-post-thumbnail","hentry"],"_links":{"self":[{"href":"http:\/\/martin-pyco-rausch-fans.sk\/index.php?rest_route=\/wp\/v2\/pages\/3339","targetHints":{"allow":["GET"]}}],"collection":[{"href":"http:\/\/martin-pyco-rausch-fans.sk\/index.php?rest_route=\/wp\/v2\/pages"}],"about":[{"href":"http:\/\/martin-pyco-rausch-fans.sk\/index.php?rest_route=\/wp\/v2\/types\/page"}],"author":[{"embeddable":true,"href":"http:\/\/martin-pyco-rausch-fans.sk\/index.php?rest_route=\/wp\/v2\/users\/1"}],"replies":[{"embeddable":true,"href":"http:\/\/martin-pyco-rausch-fans.sk\/index.php?rest_route=%2Fwp%2Fv2%2Fcomments&post=3339"}],"version-history":[{"count":2,"href":"http:\/\/martin-pyco-rausch-fans.sk\/index.php?rest_route=\/wp\/v2\/pages\/3339\/revisions"}],"predecessor-version":[{"id":3341,"href":"http:\/\/martin-pyco-rausch-fans.sk\/index.php?rest_route=\/wp\/v2\/pages\/3339\/revisions\/3341"}],"wp:featuredmedia":[{"embeddable":true,"href":"http:\/\/martin-pyco-rausch-fans.sk\/index.php?rest_route=\/wp\/v2\/media\/3229"}],"wp:attachment":[{"href":"http:\/\/martin-pyco-rausch-fans.sk\/index.php?rest_route=%2Fwp%2Fv2%2Fmedia&parent=3339"}],"curies":[{"name":"wp","href":"https:\/\/api.w.org\/{rel}","templated":true}]}}