{"id":6,"date":"2014-10-16T21:45:16","date_gmt":"2014-10-16T19:45:16","guid":{"rendered":"http:\/\/www.martin-pyco-rausch-fans.sk\/wordpress\/?page_id=6"},"modified":"2016-12-28T20:59:11","modified_gmt":"2016-12-28T19:59:11","slug":"biografia","status":"publish","type":"page","link":"http:\/\/martin-pyco-rausch-fans.sk\/?page_id=6","title":{"rendered":"Biografia"},"content":{"rendered":"<p><img decoding=\"async\" class=\"elite alignnone\" src=\"http:\/\/martin-pyco-rausch-fans.sk\/wp\/bio1.jpg\" alt=\"\" align=\"left\" border=\"0\" hspace=\"5\" vspace=\"1\" \/>Martin Rausch bol die\u0165a Petr\u017ealky, samostatn\u00fd a\u017e samot\u00e1rsky. Mal tak\u00fd vlastn\u00fd svet a aj preto dnes ob\u010das vyh\u013ead\u00e1va chv\u00edle, ke\u010f m\u00f4\u017ee by\u0165 s\u00e1m. Akosi mu to zostalo a regeneruje tak telo a ducha.\u00a0U\u010dil sa na sam\u00e9 jednotky, ale v ni\u010dom \u0161kolu nereprezentoval. Na strednej \u0161kole upred\u0148ost\u0148oval cudzie jazyky, priemer mu kazila trojka z matematiky. Vy\u0161tudoval na hotelovej akad\u00e9mii. Ako chlapec sledoval rak\u00faske telev\u00edzne programy, kde vystupovali aktu\u00e1lne hviezdy hudobn\u00e9ho \u0161oubiznisu. V p\u00e4tn\u00e1stich rokoch sa uch\u00e1dzal vo Fun R\u00e1diu o poz\u00edciu hudobn\u00e9ho redaktora. Po n\u00e1stupe do r\u00e1dia pripravoval materi\u00e1ly pre moder\u00e1torov. K moderovaniu ho dotla\u010dila O\u013ega Z\u00e1black\u00e1. N\u00fatila ho \u010d\u00edta\u0165 hudobn\u00e9 spr\u00e1vy, ktor\u00e9 pre \u0148u pripravil a uv\u00e1dza\u0165 skladby pri &#8222;koncertoch na \u017eelanie&#8220;. \u010casto ho pri jeho vstupoch preru\u0161ovala ot\u00e1zkami, \u010d\u00edm ho n\u00fatila k improviz\u00e1cii. Za svoju \u00farove\u0148 moderovania bol v za\u010diatkoch v r\u00e1dii \u010dasto kritizovan\u00fd. Je fan\u00fa\u0161ikom popul\u00e1rnej hudby, hlavne jej stredn\u00e9ho (komer\u010dn\u00e9ho) pr\u00fadu.<\/p>\n<p>Nesk\u00f4r bol v STV moder\u00e1torom rel\u00e1ci\u00ed o varen\u00ed a cestovan\u00ed. Pozvanie na konkurz do programu Slovensko h\u013ead\u00e1 superstar pova\u017eoval sk\u00f4r za \u017eart, respekt\u00edve ako doplnenie svojej osoby do po\u010dtu mo\u017en\u00fdch uch\u00e1dza\u010dov. Pri kastingoch sa produkcia sna\u017eila vybra\u0165 nezn\u00e1me tv\u00e1re, tip na Rauscha jej dal Peter Graus z projektu B3. Svoj v\u00fdber Pyco pova\u017euje sk\u00f4r za \u0161\u0165astie, je zasko\u010den\u00fd z\u00edskanou popularitou, ktor\u00fa mu \u00fa\u010dinkovanie v tomto programe prinieslo.<\/p>\n<p>Martin Pyco Rausch r\u00e1d cestuje, ka\u017edoro\u010dne r\u00e1d tr\u00e1vi dovolenky na cest\u00e1ch hlavne po Gr\u00e9cku. S\u00e1m seba nepova\u017euje za ide\u00e1lneho moder\u00e1tora, mysl\u00ed si \u017ee je pre t\u00fato profesiu m\u00e1lo zhovor\u010div\u00fd a prip\u00fa\u0161\u0165a, \u017ee sa v bud\u00facnosti m\u00f4\u017ee vr\u00e1ti\u0165 k povolaniu, ktor\u00e9 vy\u0161tudoval. Okrem moderovania rel\u00e1cie Superstar, \u010di Let&#8217;s Dance, je hudobn\u00fdm dramaturgom divadeln\u00fdch predstaven\u00ed a niektor\u00fdch telev\u00edznych programov&#8230; S pozit\u00edvnymi ohlasmi. Moderoval aj dva ro\u010dn\u00edky Eurovision Song Contest, trikr\u00e1t bol hostite\u013eom ceremoni\u00e1lu Sl\u00e1vik a moderoval u\u017e \u0161tvrt\u00fa s\u00e9riu \u010cesko Slovensko m\u00e1 talent po boku Jakuba Pracha\u0159e. V roku 2014 moderoval aj feder\u00e1lnu verziu spev\u00e1ckej s\u00fa\u0165a\u017ee X FACTOR. V klipe skupiny Save the Cookie a Mukadato \u00a0si s\u00e1m zahral. Vo videoklipe Tane\u010dn\u00e1 od skupiny Hudba z Marsu a\u00a0Lep\u0161\u00ed holky od Katar\u00edny Landlovej sa mihol nieko\u013eko sek\u00fand. Sk\u00fasil \u0161\u0165astie aj v herectve. Dostal mal\u00fa rolu v krimin\u00e1lnom seri\u00e1li TV Mark\u00edza &#8222;MESTO TIE\u0147OV a na chv\u00edlu si zahral aj v dennom seri\u00e1li TV Joj &#8222;PANEL\u00c1K&#8220;. Stal sa ofici\u00e1lnym amb\u00e1sadorom Unicef na Slovensku, je \u010dlenom ob\u010dianskeho zdru\u017eenia Ma\u010dkySOS,\u00a0 bol dlhoro\u010dnou tv\u00e1rou boja Avon proti rakovine prsn\u00edka.<\/p>\n<p>V\u00a0priebehu roku 2012 vy\u0161la jeho vlastn\u00e1 kniha o varen\u00ed, kde pon\u00faka recepty vegetari\u00e1nskych jed\u00e1l, ktor\u00e9 si aj on s\u00e1m pripravuje. Jeho druh\u00e1 kniha &#8222;MOJE JEDLO 2&#8220; vy\u0161la v okt\u00f3bri 2014.<\/p>\n<p>&nbsp;<\/p>\n<p><b>Cel\u00e9 Meno:<\/b>Martin Rausch<br \/>\n<b>Prez\u00fdvka:<\/b>\u00a0Pyco<br \/>\n<b>D\u00e1tum narodenia:<\/b>\u00a09. 10. 1977<br \/>\n<b>Miesto narodenia:<\/b>\u00a0Bratislava<br \/>\n<b>Bydlisko:\u00a0<\/b>Bratislava<br \/>\n<b>Znamenie zverokruhu:<\/b>\u00a0V\u00e1hy<br \/>\n<b>\u010c\u00ednske znamenie:<\/b>\u00a0Had<br \/>\n<b>V\u00fd\u0161ka:<\/b>\u00a0184 cm<br \/>\n<b>V\u00e1ha:<\/b>\u00a080 kg<br \/>\n<b>S\u00farodenci:\u00a0<\/b>Jano, Alexandra, Bra\u0148o<br \/>\n<b>Rodi\u010dia: <\/b>otec\u00a0<b>&#8211;\u00a0<\/b>J\u00e1n, mama- Marta<br \/>\n<b>Vzdelanie:<\/b>\u00a05-ro\u010dn\u00e1 stredn\u00e1 odborn\u00e1 hotelov\u00e1 \u0161kola<br \/>\n<b>Jazyky ktor\u00e9 ovl\u00e1da:\u00a0<\/b>anglicky, nemecky pas\u00edvne, pok\u00fa\u0161al sa u\u010di\u0165 rusky, gr\u00e9cky<br \/>\n<b>Najob\u013e\u00fabenej\u0161ia krajina:<\/b>\u00a0Gr\u00e9cko<br \/>\n<b>Krajiny, ktor\u00e9 nav\u0161t\u00edvil:<\/b>\u00a0Gr\u00e9cko, Rak\u00fasko, \u0160panielsko, Nemecko, Portugalsko, USA, Taliansko, Po\u013esko, Tunis, Slovinsko, Chrov\u00e1tsko, Ma\u010farsko, Turecko, D\u00e1nsko, Anglicko, Nemecko, Franc\u00fazsko, \u010cechy, Ukrajina<br \/>\n<b>Zvl\u00e1\u0161tne znamenie:\u00a0<\/b>Je vegetari\u00e1n od 1. 5. 1994<br \/>\n<b>Najhor\u0161ia neres\u0165:<\/b>\u00a0faj\u010denie<br \/>\n<b>\u010co ho vyt\u00e1\u010da:<\/b>\u00a0Ke\u010f nie je kde zaparkova\u0165<br \/>\n<b>\u010co ho vyt\u00e1\u010da na sebe:<\/b>\u00a0Nerozhodnos\u0165. V\u0161etk\u00fd astrologick\u00e9 a numerologick\u00e9 profily na\u0148ho sedia ako uliate. A niekedy zbyto\u010dne prem\u00fd\u0161\u013ea aj nad t\u00fdm nad \u010d\u00edm netreba.<br \/>\n<b>Ob\u013e\u00faben\u00e1 hudba:<\/b>\u00a0\u010doko\u013evek od Madonny po Mozarta, z\u00e1vis\u00ed od n\u00e1lady<br \/>\n<b>Relax:<\/b>\u00a0kniha, poste\u013e, \u0161of\u00e9rovanie<br \/>\n<b>Mobil:<\/b>\u00a0iphone<br \/>\n<b>Macbook:<\/b>\u00a0Pro (apple)<br \/>\n<b>Najhor\u0161\u00ed predmet v \u0161kole:<\/b>\u00a0matematika<br \/>\n<b>Z\u00e1\u013euby:<\/b>\u00a0knihy, filmy, hudba, cestovanie, varenie, zo \u0161portov je to karate a pl\u00e1vanie, doma cvi\u010d\u00ed kv\u00f4li chrbtici, v lete kor\u010du\u013euje<br \/>\n<b>Ob\u013e\u00faben\u00e9 oble\u010denie:<\/b>\u00a0d\u017e\u00ednsy, tri\u010dko<br \/>\n<b>\u010c\u00edm mu urob\u00edte rados\u0165:<\/b>\u00a0M\u00e1 r\u00e1d, ke\u010f m\u00e1 niekto prirodzen\u00e9 nadstaven\u00e9 vn\u00edmanie vlastn\u00e9ho \u017eivota na pozit\u00edvnej \u00farovni<br \/>\n<b>\u017divotn\u00e9 kr\u00e9do:<\/b>\u00a0&#8222;Keby bo svet pln\u00fd g\u00e9niov, tak by sme bl\u00e1zna kone\u010dne vyhl\u00e1sili za kr\u00e1\u013ea&#8220;<br \/>\n&nbsp;<br \/>\n&nbsp;<\/p>\n<p style=\"text-align: right;\">(Naposledy upraven\u00e9 27. okt\u00f3ber\u00a02014)<\/p>\n","protected":false},"excerpt":{"rendered":"<p>Martin Rausch bol die\u0165a Petr\u017ealky, samostatn\u00fd a\u017e samot\u00e1rsky. Mal tak\u00fd vlastn\u00fd svet a aj preto dnes ob\u010das vyh\u013ead\u00e1va chv\u00edle, ke\u010f m\u00f4\u017ee by\u0165 s\u00e1m. Akosi mu to zostalo a regeneruje tak telo a ducha.\u00a0U\u010dil sa na sam\u00e9 jednotky, ale v ni\u010dom \u0161kolu nereprezentoval. Na strednej \u0161kole upred\u0148ost\u0148oval cudzie jazyky, priemer mu kazila trojka z matematiky. Vy\u0161tudoval [&hellip;]<\/p>\n","protected":false},"author":1,"featured_media":7035,"parent":0,"menu_order":0,"comment_status":"open","ping_status":"open","template":"","meta":{"footnotes":""},"class_list":["post-6","page","type-page","status-publish","has-post-thumbnail","hentry"],"_links":{"self":[{"href":"http:\/\/martin-pyco-rausch-fans.sk\/index.php?rest_route=\/wp\/v2\/pages\/6","targetHints":{"allow":["GET"]}}],"collection":[{"href":"http:\/\/martin-pyco-rausch-fans.sk\/index.php?rest_route=\/wp\/v2\/pages"}],"about":[{"href":"http:\/\/martin-pyco-rausch-fans.sk\/index.php?rest_route=\/wp\/v2\/types\/page"}],"author":[{"embeddable":true,"href":"http:\/\/martin-pyco-rausch-fans.sk\/index.php?rest_route=\/wp\/v2\/users\/1"}],"replies":[{"embeddable":true,"href":"http:\/\/martin-pyco-rausch-fans.sk\/index.php?rest_route=%2Fwp%2Fv2%2Fcomments&post=6"}],"version-history":[{"count":28,"href":"http:\/\/martin-pyco-rausch-fans.sk\/index.php?rest_route=\/wp\/v2\/pages\/6\/revisions"}],"predecessor-version":[{"id":6694,"href":"http:\/\/martin-pyco-rausch-fans.sk\/index.php?rest_route=\/wp\/v2\/pages\/6\/revisions\/6694"}],"wp:featuredmedia":[{"embeddable":true,"href":"http:\/\/martin-pyco-rausch-fans.sk\/index.php?rest_route=\/wp\/v2\/media\/7035"}],"wp:attachment":[{"href":"http:\/\/martin-pyco-rausch-fans.sk\/index.php?rest_route=%2Fwp%2Fv2%2Fmedia&parent=6"}],"curies":[{"name":"wp","href":"https:\/\/api.w.org\/{rel}","templated":true}]}}