{"id":119,"date":"2014-10-16T23:19:51","date_gmt":"2014-10-16T21:19:51","guid":{"rendered":"http:\/\/www.martin-pyco-rausch-fans.sk\/wordpress\/?page_id=119"},"modified":"2026-04-19T17:54:17","modified_gmt":"2026-04-19T16:54:17","slug":"save-the-cookie-my-music","status":"publish","type":"page","link":"https:\/\/martin-pyco-rausch-fans.sk\/?page_id=119","title":{"rendered":"Save The Cookie &#8211; My Music"},"content":{"rendered":"<p style=\"text-align: left;\"><img decoding=\"async\" src=\"https:\/\/martin-pyco-rausch-fans.sk\/wp\/STC-mymusic.jpg\" alt=\"\" border=\"0\" \/><button class=\"osc_popover_new btn btn-sm btn-info \"  data-placement=\"right\" data-toggle=\"popover\" data-trigger=\"click\" data-container=\"body\" type=\"button\" data-title=\"<em><strong>Quick Links<\/strong><\/em>\" data-contentwrapper=\"osc_popover_1\"> M<em>ultimedi\u00e1lne odkazy<\/em> <\/button><div id=\"osc_popover_1\" style=\"display:none;\">\u00a0<a href=\"https:\/\/martin-pyco-rausch-fans.sk\/galeria\/index.php?cat=70\" target=\"_blank\">Gal\u00e9ria<\/a> |\u00a0<a href=\"https:\/\/www.youtube.com\/watch?v=6gvX2tXu_hE\">Videoklip<\/a>\u00a0<\/div>\n    <script>\n       jQuery(document).ready(function(){\n        jQuery('.osc_popover_new').popover({\n            html:true,\n            content:function(){\n                return jQuery('#'+jQuery(this).data('contentwrapper')).html();\n            }\n\n        });\n        });\n    <\/script>\n    <\/p>\n<p>Pyco si\u00a0 zahral vo video klipe <span style=\"text-decoration: underline;\">&#8222;My Music&#8220;<\/span>. Nov\u00fa sk\u00fasenos\u0165 po\u0148al ako priate\u013esk\u00fa slu\u017ebu. So spoluautorom projektu Martinom Hud\u00e1kom ho v\u0161ak sp\u00e1ja priate\u013estvo. Okrem toho mu priniesla aj splnenie d\u00e1vneho sna.<br \/>\nAlbum Phantastic produkoval Matt Patrick z USA. Ten m\u00e1 za sebou projekty s tak\u00fdmi menami ako Justin Timberlake, Alicia Keys, Pharell Williams \u010di Timbaland<\/p>\n","protected":false},"excerpt":{"rendered":"<p>Pyco si\u00a0 zahral vo video klipe &#8222;My Music&#8220;. Nov\u00fa sk\u00fasenos\u0165 po\u0148al ako priate\u013esk\u00fa slu\u017ebu. So spoluautorom projektu Martinom Hud\u00e1kom ho v\u0161ak sp\u00e1ja priate\u013estvo. Okrem toho mu priniesla aj splnenie d\u00e1vneho sna. Album Phantastic produkoval Matt Patrick z USA. Ten m\u00e1 za sebou projekty s tak\u00fdmi menami ako Justin Timberlake, Alicia Keys, Pharell Williams \u010di Timbaland<\/p>\n","protected":false},"author":1,"featured_media":7035,"parent":0,"menu_order":0,"comment_status":"open","ping_status":"open","template":"","meta":{"footnotes":""},"class_list":["post-119","page","type-page","status-publish","has-post-thumbnail","hentry"],"_links":{"self":[{"href":"https:\/\/martin-pyco-rausch-fans.sk\/index.php?rest_route=\/wp\/v2\/pages\/119","targetHints":{"allow":["GET"]}}],"collection":[{"href":"https:\/\/martin-pyco-rausch-fans.sk\/index.php?rest_route=\/wp\/v2\/pages"}],"about":[{"href":"https:\/\/martin-pyco-rausch-fans.sk\/index.php?rest_route=\/wp\/v2\/types\/page"}],"author":[{"embeddable":true,"href":"https:\/\/martin-pyco-rausch-fans.sk\/index.php?rest_route=\/wp\/v2\/users\/1"}],"replies":[{"embeddable":true,"href":"https:\/\/martin-pyco-rausch-fans.sk\/index.php?rest_route=%2Fwp%2Fv2%2Fcomments&post=119"}],"version-history":[{"count":6,"href":"https:\/\/martin-pyco-rausch-fans.sk\/index.php?rest_route=\/wp\/v2\/pages\/119\/revisions"}],"predecessor-version":[{"id":15823,"href":"https:\/\/martin-pyco-rausch-fans.sk\/index.php?rest_route=\/wp\/v2\/pages\/119\/revisions\/15823"}],"wp:featuredmedia":[{"embeddable":true,"href":"https:\/\/martin-pyco-rausch-fans.sk\/index.php?rest_route=\/wp\/v2\/media\/7035"}],"wp:attachment":[{"href":"https:\/\/martin-pyco-rausch-fans.sk\/index.php?rest_route=%2Fwp%2Fv2%2Fmedia&parent=119"}],"curies":[{"name":"wp","href":"https:\/\/api.w.org\/{rel}","templated":true}]}}