{"id":330,"date":"2014-10-18T02:54:18","date_gmt":"2014-10-18T00:54:18","guid":{"rendered":"http:\/\/www.martin-pyco-rausch-fans.sk\/wordpress\/?page_id=330"},"modified":"2026-01-10T18:17:12","modified_gmt":"2026-01-10T17:17:12","slug":"ostatne","status":"publish","type":"page","link":"https:\/\/martin-pyco-rausch-fans.sk\/?page_id=330","title":{"rendered":"\u010eal\u0161ie TV rel\u00e1cie"},"content":{"rendered":"<div class=\"table-responsive\"><table width=\"100%\" class=\"table \" style=\"table-bordered table-hover\"><br \/>\n<thead><tr>\n<\/tr><\/thead>\n<tbody><\/p>\n<p><tr>\n<td><a href=\"https:\/\/martin-pyco-rausch-fans.sk\/audio%20a%20video\/TV%20relacie\/ostatne\/ovladac.zip\"><img decoding=\"async\" src=\"https:\/\/martin-pyco-rausch-fans.sk\/wp\/video%20obr%20ostatne-ovladac.jpg\" alt=\"\" border=\"0\" \/><\/a><\/td>\n<td><span style=\"color: #808000;\">Ovl\u00e1da\u010d &#8211; Pyco vs Bruno<\/span><br \/>\nFile Type: .zip \u2013&gt; .mp4<br \/>\nFile Size: 33 MB<br \/>\nTV JOJ<\/td>\n<\/tr><\/p>\n<p><tr>\n<td><a href=\"https:\/\/martin-pyco-rausch-fans.sk\/audio%20a%20video\/TV%20relacie\/ostatne\/Adela_a_Pyco_na_streche.zip\"><img decoding=\"async\" src=\"https:\/\/martin-pyco-rausch-fans.sk\/wp\/video%20obr%20ostatne-nastreche2007.jpg\" alt=\"\" border=\"0\" \/><\/a><\/td>\n<td><span style=\"color: #808000;\">Na Streche (2007) Adela a Pyco<\/span><br \/>\nFile Type: .zip \u2013&gt; .wmv<br \/>\nFile Size: 32.4 MB<br \/>\nTV Mark\u00edza<\/td>\n<\/tr><\/p>\n<p><tr>\n<td><a href=\"https:\/\/martin-pyco-rausch-fans.sk\/audio%20a%20video\/TV%20relacie\/ostatne\/anjeli-strazni.zip\"><img decoding=\"async\" src=\"https:\/\/martin-pyco-rausch-fans.sk\/wp\/video%20obr%20ostatne-anjelistrazni.jpg\" alt=\"\" border=\"0\" \/><\/a><\/td>\n<td><span style=\"color: #808000;\">Anjeli Str\u00e1\u017eni &#8211; Show Aleny Heribanovej (2009)<\/span><br \/>\nFile Type: .zip \u2013&gt; .wmv<br \/>\nFile Size: 72.3 MB<br \/>\nSTV2<\/td>\n<\/tr><\/p>\n<p><tr>\n<td><a href=\"https:\/\/martin-pyco-rausch-fans.sk\/audio%20a%20video\/TV%20relacie\/ostatne\/bezbudovci-nov09.zip\"><img decoding=\"async\" src=\"https:\/\/martin-pyco-rausch-fans.sk\/wp\/video%20obr.bezbudovci.jpg\" alt=\"\" border=\"0\" \/><\/a><\/td>\n<td><span style=\"color: #808000;\">Bezb\u00fadovci (nov. 2009)<\/span><br \/>\nFile Type: .zip \u2013&gt; .wmv<br \/>\nFile Size: 37.2 MB<br \/>\nwww.chyno.sk<\/td>\n<\/tr><\/p>\n<p><tr>\n<td><a href=\"https:\/\/martin-pyco-rausch-fans.sk\/audio%20a%20video\/TV%20relacie\/ostatne\/2010-04nastrechena-streche01.zip\"><img decoding=\"async\" src=\"https:\/\/martin-pyco-rausch-fans.sk\/wp\/video%20obr%20ostatne-nastreche2010.jpg\" alt=\"\" border=\"0\" \/><\/a><\/td>\n<td><span style=\"color: #808000;\">Na Streche (2010) Adela a Pyco<\/span><br \/>\nFile Type: .zip \u2013&gt; .wmv<br \/>\nFile Size: 40.9 MB<br \/>\nTV Mark\u00edza<\/td>\n<\/tr><\/p>\n<p><tr>\n<td><a href=\"https:\/\/martin-pyco-rausch-fans.sk\/audio%20a%20video\/TV%20relacie\/ostatne\/Pyco%20s%20hadem%20na%20prsou.zip\"><img decoding=\"async\" src=\"https:\/\/martin-pyco-rausch-fans.sk\/wp\/video%20obr%20ostatne-prominoviny-had.jpg\" alt=\"\" border=\"0\" \/><\/a><\/td>\n<td><span style=\"color: #808000;\">Promi Noviny (2010)\u00a0 Pyco s pyt\u00f3nom<\/span><br \/>\nFile Type: .zip \u2013&gt; .avi<br \/>\nFile Size: 11.1 MB<br \/>\nTV JOJ<br \/>\nCredit: csmatalent.ic.cz<\/td>\n<\/tr><\/p>\n<p><tr>\n<td><a href=\"https:\/\/martin-pyco-rausch-fans.sk\/audio%20a%20video\/audio\/Martin%20PYCO%20Rausch.mp4AT.zip\"><img decoding=\"async\" src=\"https:\/\/martin-pyco-rausch-fans.sk\/wp\/video%20obr.showjk.jpg\" alt=\"\" border=\"0\" \/><\/a><\/td>\n<td><span style=\"color: #808000;\">Show Jana Krause\u00a0(June\u00a02011)<\/span><br \/>\nFile Type: .zip \u2013&gt; .mp4<br \/>\nFile Size: 47 MB<br \/>\nTV Prima<\/td>\n<\/tr><\/p>\n<p><tr>\n<td><a href=\"https:\/\/martin-pyco-rausch-fans.sk\/audio%20a%20video\/TV%20relacie\/ostatne\/tajnyhostmartinpycorausch(inkognito).zip\"><img decoding=\"async\" src=\"https:\/\/martin-pyco-rausch-fans.sk\/wp\/video-obrinkognito.jpg\" alt=\"\" border=\"0\" \/><\/a><\/td>\n<td><span style=\"color: #808000;\">Tajn\u00fd hos\u0165 Martin Pyco Rausch &#8211; INKOGNITO (5. 2. 2024)<\/span><br \/>\nFile Type: .zip \u2013&gt; .mp4<br \/>\nFile Size: 30 MB<br \/>\nTV JOJ<\/td>\n<\/tr>\n<\/tbody>\n<\/table><\/div>\n","protected":false},"excerpt":{"rendered":"","protected":false},"author":1,"featured_media":7036,"parent":0,"menu_order":0,"comment_status":"open","ping_status":"open","template":"","meta":{"footnotes":""},"class_list":["post-330","page","type-page","status-publish","has-post-thumbnail","hentry"],"_links":{"self":[{"href":"https:\/\/martin-pyco-rausch-fans.sk\/index.php?rest_route=\/wp\/v2\/pages\/330","targetHints":{"allow":["GET"]}}],"collection":[{"href":"https:\/\/martin-pyco-rausch-fans.sk\/index.php?rest_route=\/wp\/v2\/pages"}],"about":[{"href":"https:\/\/martin-pyco-rausch-fans.sk\/index.php?rest_route=\/wp\/v2\/types\/page"}],"author":[{"embeddable":true,"href":"https:\/\/martin-pyco-rausch-fans.sk\/index.php?rest_route=\/wp\/v2\/users\/1"}],"replies":[{"embeddable":true,"href":"https:\/\/martin-pyco-rausch-fans.sk\/index.php?rest_route=%2Fwp%2Fv2%2Fcomments&post=330"}],"version-history":[{"count":16,"href":"https:\/\/martin-pyco-rausch-fans.sk\/index.php?rest_route=\/wp\/v2\/pages\/330\/revisions"}],"predecessor-version":[{"id":15614,"href":"https:\/\/martin-pyco-rausch-fans.sk\/index.php?rest_route=\/wp\/v2\/pages\/330\/revisions\/15614"}],"wp:featuredmedia":[{"embeddable":true,"href":"https:\/\/martin-pyco-rausch-fans.sk\/index.php?rest_route=\/wp\/v2\/media\/7036"}],"wp:attachment":[{"href":"https:\/\/martin-pyco-rausch-fans.sk\/index.php?rest_route=%2Fwp%2Fv2%2Fmedia&parent=330"}],"curies":[{"name":"wp","href":"https:\/\/api.w.org\/{rel}","templated":true}]}}