{"id":4081,"date":"2015-09-25T01:37:53","date_gmt":"2015-09-25T00:37:53","guid":{"rendered":"http:\/\/www.martin-pyco-rausch-fans.sk\/?page_id=4081"},"modified":"2026-04-19T17:20:13","modified_gmt":"2026-04-19T16:20:13","slug":"recepty-z-casopisov-a-internetu","status":"publish","type":"page","link":"https:\/\/martin-pyco-rausch-fans.sk\/?page_id=4081","title":{"rendered":"In\u00e9"},"content":{"rendered":"<p><em>Recept poch\u00e1dza z internetu..<\/em><\/p>\n<p>&nbsp;<\/p>\n<p><strong>:: OB\u013d\u00daBEN\u00dd VIANO\u010cN\u00dd \u0160TEDR\u00c1K<\/strong><\/p>\n<p><span style=\"text-decoration: underline; color: #808000;\">Cesto:<\/span><br \/>\n500 g hrubej m\u00faky<br \/>\n300 ml mlieka<br \/>\n20 g dro\u017edia<br \/>\n120 g masla<br \/>\n100 g pr\u00e1\u0161kov\u00e9ho cukru<br \/>\n3 \u017e\u013atky<br \/>\npostr\u00fahan\u00e1 citr\u00f3nov\u00e1 k\u00f4ra<br \/>\n\u0161tipka soli<br \/>\n\u017e\u013atok a olej nma potieranie<\/p>\n<p><span style=\"text-decoration: underline; color: #808000;\">Plnka I.:<\/span><br \/>\n200 g slivkov\u00e9ho lekv\u00e1ru<br \/>\npostr\u00fahan\u00e1 citr\u00f3nov\u00e1 k\u00f4ra \u2013 zmie\u0161a\u0165<\/p>\n<p><span style=\"text-decoration: underline;\"><span style=\"color: #808000; text-decoration: underline;\">Plnka II.:<\/span><\/span><br \/>\n180 g mlet\u00fdch orechov<br \/>\n30 g str\u00fahanky<br \/>\n80 g pr\u00e1\u0161kov\u00e9ho cukru<br \/>\n150 ml mlieka<br \/>\n1 bal\u00ed\u010dek vanilkov\u00e9ho cukru<br \/>\npostr\u00fahan\u00e1 citr\u00f3nov\u00e1 k\u00f4ra \u2013 zmie\u0161a\u0165<\/p>\n<p><span style=\"text-decoration: underline; color: #808000;\">Plnka III.:<\/span><br \/>\n200 g mlet\u00e9ho maku<br \/>\n120 g cukru<br \/>\n10 g masla<br \/>\n150 ml mlieka<br \/>\n1 bal\u00ed\u010dek vanilkov\u00e9ho cukru<br \/>\npostr\u00fahan\u00e1 citr\u00f3nov\u00e1 k\u00f4ra \u2013 zmie\u0161a\u0165<\/p>\n<p><span style=\"text-decoration: underline;\"><span style=\"color: #808000; text-decoration: underline;\">Plnka IV.:<\/span><\/span><br \/>\n300 g prepas\u00edrovan\u00e9ho tvarohu<br \/>\n80 g pr\u00e1\u0161kov\u00e9ho cukru<br \/>\n80 g masla<br \/>\n20 g hrozienok<br \/>\n2 \u017e\u013atky<br \/>\nsneh z 2 bielkov<br \/>\n1 bal\u00ed\u010dek vanilkov\u00e9ho cukru<br \/>\npostr\u00fahan\u00e1 citr\u00f3nov\u00e1 k\u00f4ra \u2013 zmie\u0161a\u0165<\/p>\n<p>Vypracujeme cesto a nech\u00e1me na teplom mieste vykysn\u00fa\u0165. Potom ho rozdel\u00edme na 5 rovnak\u00fdch \u010dast\u00ed. \u0160tyri z nich postupne rozva\u013ek\u00e1me na tenk\u00e9 pl\u00e1ty. Prv\u00fd pl\u00e1t ulo\u017e\u00edme na pomasten\u00fd plech. Povrch natrieme plnkou I., polo\u017e\u00edme druh\u00fd pl\u00e1t, ktor\u00fd potrieme plnkou II., potom d\u00e1me \u010fal\u0161\u00ed pl\u00e1t a plnku \u010d\u00edslo III., potom \u010fal\u0161\u00ed pl\u00e1t a plnku \u010d\u00edslo IV. Z cesta, ktor\u00e9 n\u00e1m zostalo priprav\u00edme tenk\u00e9 val\u010deky, z nich urob\u00edme mrie\u017eku a ulo\u017e\u00edme ju na povrch kol\u00e1\u010da. Potrieme \u017e\u013atkom a pe\u010dieme.<\/p>\n<p>&nbsp;<\/p>\n<hr \/>\n<div class=\"row \"><div class=\"col-lg-6 col-md-12 col-xs-12 col-sm-12\"><\/p>\n<p><em>Recept zo star\u0161ieho vydania\u00a0\u010dasopisu Eurotelev\u00edzia<\/em><\/p>\n<p>&nbsp;<\/p>\n<p><strong>:: VIANO\u010cN\u00dd CHLIEB S PARADAJKAMI<\/strong><\/p>\n<p>1 kg\u00a0hladkej m\u00faky<br \/>\n5 zemiakov<br \/>\n1 dro\u017edie<br \/>\nmlieko<br \/>\n1 PL olivov\u00e9ho oleja<br \/>\nsu\u0161en\u00e9 paradajky v oleji<br \/>\n1PL morskej soli<br \/>\n1\/2 l vody<\/p>\n<p>Uvaren\u00e9 zemiaky o\u0161\u00fapeme postruhame, zmie\u0161ame s m\u00fakou, prid\u00e1me so\u013e, dro\u017edie ktor\u00e9 sme vopred nechali nakvasi\u0165 v mlieku, paradajky, olivov\u00fd olej a vodu. Okrem paradajok m\u00f4\u017eeme do cesta prida\u0165 aj \u010derstv\u00e9 bylinky. Z pr\u00edsad vymiesime cesto, a ke\u010f sa prestane lepi\u0165 na ruky a misku, nech\u00e1me ho vykysn\u00fa\u0165 prikryt\u00e9 pribli\u017ene hodinu na teplom a suchom mieste, nie v prievane. Nakysnut\u00e9 cesto vytvarujeme do bochn\u00edka alebo rozlo\u017e\u00edme na plech a povrch potrieme vodou. Chlieb pe\u010die v elektrickej r\u00fare pribli\u017ene hodinu. Za\u010d\u00edname pri 220\u00a0\u00b0C a kon\u010d\u00edme pri 180\u00a0\u00b0C. Ke\u010f rozvoniava cel\u00fd byt, chlieb vyberieme z r\u00fary, zabal\u00edme do vlhkej utierky a nech\u00e1me vychladn\u00fa\u0165.<\/p>\n<p><strong><em>\u010cas pr\u00edpravy: pribli\u017ene 2 hodiny<\/em><\/strong> <\/p>\n<p><\/div><\/p>\n<p><div class=\"col-lg-6 col-md-12 col-xs-12 col-sm-12\">\n<img decoding=\"async\" class=\"alignnone\" title=\"\" src=\"https:\/\/martin-pyco-rausch-fans.sk\/wp\/moje-jedlo\/28.jpg\" alt=\"\" border=\"0\" \/><\/div>\n<\/div>\n<p>&nbsp;<\/p>\n<hr \/>\n<div class=\"row \"><\/p>\n<p><div class=\"col-lg-10 col-md-12 col-xs-12 col-sm-12\">\n<div class=\"yourcustomclass\"><ul class=\"nav nav-tabs\" id=\"oscitas-tabs-0\"><li class=\"\"><a class=\"\" href=\"#pane-0-0\" data-toggle=\"tab\">NAVIGA\u010cN\u00c9 MENU<\/a><\/li><li class=\"\"><a class=\"\" href=\"#pane-0-1\" data-toggle=\"tab\">e-shop<\/a><\/li><\/ul><div class=\"tab-content\"><div class=\"tab-pane \" id=\"pane-0-0\"><a title=\"Recepty z Moje jedlo a Moje Jedlo 2\" href=\"https:\/\/www.martin-pyco-rausch-fans.sk\/?page_id=4090\">Recepty z MOJE JEDLO a MOJE JEDLO 2\u00a0<\/a>\u00bb<br \/>\n<a title=\" Recepty: \u0160TYRI RO\u010cN\u00c9 OBDOBIA - MOJE JEDLO 3\" href=\"https:\/\/www.martin-pyco-rausch-fans.sk\/?page_id=7808\">Recepty: \u0160TYRI RO\u010cN\u00c9 OBDOBIA &#8211; MOJE JEDLO 3<\/a>\u00a0\u00bb<br \/>\n<a title=\"Recepty: TREBA SI VARI\u0164\"<a href=\"https:\/\/martin-pyco-rausch-fans.sk\/?page_id=14305\">Recepty z TREBA SI VARI\u0164<\/a>\u00a0\u00bb<br \/>\n<a title=\"Spolupr\u00e1ce\" href=\" https:\/\/martin-pyco-rausch-fans.sk\/?page_id=14297\">SPOLUPR\u00c1CE<\/a>\u00a0\u00bb<br \/>\n<a title=\"Va\u0161e jedlo\" href=\"https:\/\/www.martin-pyco-rausch-fans.sk\/?page_id=4179\">Va\u0161e jedlo<\/a>\u00a0\u00bb<br \/>\n<a title=\"Moje Jedlo\" href=\"https:\/\/www.martin-pyco-rausch-fans.sk\/?page_id=4094\">MOJE JEDLO<\/a>\u00a0\u00bb<br \/>\n<a title=\"Moje jedlo 2\" href=\"https:\/\/www.martin-pyco-rausch-fans.sk\/?page_id=4113\">MOJE JEDLO 2<\/a> \u00bb<br \/>\n<a title=\"\u0160tyri ro\u010dn\u00e9 obdobia - Moje jedlo 3\" href=\"https:\/\/www.martin-pyco-rausch-fans.sk\/?page_id=7808\">\u0160TYRI RO\u010cN\u00c9 OBDOBIA &#8211; MOJE JEDLO 3<\/a>\u00a0\u00bb<br \/>\n<a title=\"Treba si vari\u0165\" href=\"https:\/\/martin-pyco-rausch-fans.sk\/?page_id=15200\">TREBA SI VARI\u0164<\/a>\u00a0\u00bb<br \/>\n<a title=\"In\u00e9\" href=\"https:\/\/www.martin-pyco-rausch-fans.sk\/?page_id=4081\">In\u00e9\u00a0<\/a>\u00bb<br \/>\n<a href=\"https:\/\/www.martin-pyco-rausch-fans.sk\/?page_id=4052\">Sp\u00e4\u0165 na \u00favod podstr\u00e1nky<\/a>\u00a0\u00bb<\/div><div class=\"tab-pane \" id=\"pane-0-1\"><\/p>\n<p><a href=\"http:\/\/www.martinus.sk\/knihy\/autor\/Martin-Pyco-Rausch\/\" target=\"_blank\">http:\/\/<\/a>Martinus.sk<br \/>\n<a href=\"http:\/\/www.martinus.cz\/knihy\/autor\/Martin-Pyco-Rausch\/\" target=\"_blank\">http:\/\/<\/a>Martinus.cz<br \/>\n<a href=\"https:\/\/www.bux.sk\/knihy\/729699-treba-si-varit-kniha-s-podpisom.html\" target=\"_blank\">http:\/\/<\/a>Bux.sk<br \/>\n<a href=\"https:\/\/www.rosier.cz\/polozka\/martin-pyco-rausch-treba-si-varit-s-podpisem-autora\" target=\"_blank\">http:\/\/<\/a>Rosier.cz<\/p>\n<p><\/div><\/div><\/div>\n<\/div>\n<\/div>\n","protected":false},"excerpt":{"rendered":"<p>Recept poch\u00e1dza z internetu.. &nbsp; :: OB\u013d\u00daBEN\u00dd VIANO\u010cN\u00dd \u0160TEDR\u00c1K Cesto: 500 g hrubej m\u00faky 300 ml mlieka 20 g dro\u017edia 120 g masla 100 g pr\u00e1\u0161kov\u00e9ho cukru 3 \u017e\u013atky postr\u00fahan\u00e1 citr\u00f3nov\u00e1 k\u00f4ra \u0161tipka soli \u017e\u013atok a olej nma potieranie Plnka I.: 200 g slivkov\u00e9ho lekv\u00e1ru postr\u00fahan\u00e1 citr\u00f3nov\u00e1 k\u00f4ra \u2013 zmie\u0161a\u0165 Plnka II.: 180 g mlet\u00fdch [&hellip;]<\/p>\n","protected":false},"author":1,"featured_media":4066,"parent":0,"menu_order":0,"comment_status":"open","ping_status":"closed","template":"","meta":{"footnotes":""},"class_list":["post-4081","page","type-page","status-publish","has-post-thumbnail","hentry"],"_links":{"self":[{"href":"https:\/\/martin-pyco-rausch-fans.sk\/index.php?rest_route=\/wp\/v2\/pages\/4081","targetHints":{"allow":["GET"]}}],"collection":[{"href":"https:\/\/martin-pyco-rausch-fans.sk\/index.php?rest_route=\/wp\/v2\/pages"}],"about":[{"href":"https:\/\/martin-pyco-rausch-fans.sk\/index.php?rest_route=\/wp\/v2\/types\/page"}],"author":[{"embeddable":true,"href":"https:\/\/martin-pyco-rausch-fans.sk\/index.php?rest_route=\/wp\/v2\/users\/1"}],"replies":[{"embeddable":true,"href":"https:\/\/martin-pyco-rausch-fans.sk\/index.php?rest_route=%2Fwp%2Fv2%2Fcomments&post=4081"}],"version-history":[{"count":50,"href":"https:\/\/martin-pyco-rausch-fans.sk\/index.php?rest_route=\/wp\/v2\/pages\/4081\/revisions"}],"predecessor-version":[{"id":15811,"href":"https:\/\/martin-pyco-rausch-fans.sk\/index.php?rest_route=\/wp\/v2\/pages\/4081\/revisions\/15811"}],"wp:featuredmedia":[{"embeddable":true,"href":"https:\/\/martin-pyco-rausch-fans.sk\/index.php?rest_route=\/wp\/v2\/media\/4066"}],"wp:attachment":[{"href":"https:\/\/martin-pyco-rausch-fans.sk\/index.php?rest_route=%2Fwp%2Fv2%2Fmedia&parent=4081"}],"curies":[{"name":"wp","href":"https:\/\/api.w.org\/{rel}","templated":true}]}}